CRAN Package Check Results for Package surveybootstrap

Last updated on 2020-12-31 00:47:00 CET.

Flavor Version Tinstall Tcheck Ttotal Status Flags
r-devel-linux-x86_64-debian-clang 0.0.1 34.97 152.61 187.58 OK
r-devel-linux-x86_64-debian-gcc 0.0.1 22.27 108.20 130.47 OK
r-devel-linux-x86_64-fedora-clang 0.0.1 230.82 NOTE
r-devel-linux-x86_64-fedora-gcc 0.0.1 215.01 NOTE
r-devel-windows-ix86+x86_64 0.0.1 78.00 321.00 399.00 OK
r-patched-linux-x86_64 0.0.1 26.45 150.42 176.87 OK
r-patched-solaris-x86 0.0.1 252.50 OK
r-release-linux-x86_64 0.0.1 27.30 151.91 179.21 OK
r-release-macos-x86_64 0.0.1 OK
r-release-windows-ix86+x86_64 0.0.1 83.00 240.00 323.00 OK
r-oldrel-macos-x86_64 0.0.1 OK
r-oldrel-windows-ix86+x86_64 0.0.1 52.00 252.00 304.00 OK

Check Details

Version: 0.0.1
Check: compiled code
Result: NOTE
    File ‘surveybootstrap/libs/surveybootstrap.so’:
     Found no calls to: ‘R_registerRoutines’, ‘R_useDynamicSymbols’
    
    It is good practice to register native routines and to disable symbol
    search.
    
    See ‘Writing portable packages’ in the ‘Writing R Extensions’ manual.
Flavors: r-devel-linux-x86_64-fedora-clang, r-devel-linux-x86_64-fedora-gcc