CRAN Package Check Results for Package stylest

Last updated on 2020-12-31 00:47:00 CET.

Flavor Version Tinstall Tcheck Ttotal Status Flags
r-devel-linux-x86_64-debian-clang 0.1.0 7.03 68.19 75.22 OK
r-devel-linux-x86_64-debian-gcc 0.1.0 6.27 52.81 59.08 OK
r-devel-linux-x86_64-fedora-clang 0.1.0 98.36 NOTE
r-devel-linux-x86_64-fedora-gcc 0.1.0 92.40 NOTE
r-devel-windows-ix86+x86_64 0.1.0 15.00 88.00 103.00 OK
r-patched-linux-x86_64 0.1.0 6.72 64.85 71.57 OK
r-patched-solaris-x86 0.1.0 138.90 NOTE
r-release-linux-x86_64 0.1.0 6.27 64.51 70.78 OK
r-release-macos-x86_64 0.1.0 NOTE
r-release-windows-ix86+x86_64 0.1.0 16.00 67.00 83.00 OK
r-oldrel-macos-x86_64 0.1.0 NOTE
r-oldrel-windows-ix86+x86_64 0.1.0 10.00 65.00 75.00 OK

Check Details

Version: 0.1.0
Check: data for non-ASCII characters
Result: NOTE
     Note: found 2 marked UTF-8 strings
Flavors: r-devel-linux-x86_64-fedora-clang, r-devel-linux-x86_64-fedora-gcc, r-patched-solaris-x86, r-release-macos-x86_64, r-oldrel-macos-x86_64