CRAN Package Check Results for Package stpm

Last updated on 2020-12-31 00:46:59 CET.

Flavor Version Tinstall Tcheck Ttotal Status Flags
r-devel-linux-x86_64-debian-clang 1.7.9 234.88 439.18 674.06 OK
r-devel-linux-x86_64-debian-gcc 1.7.9 162.38 317.16 479.54 OK
r-devel-linux-x86_64-fedora-clang 1.7.9 862.11 NOTE
r-devel-linux-x86_64-fedora-gcc 1.7.9 848.61 OK
r-devel-windows-ix86+x86_64 1.7.9 478.00 533.00 1011.00 OK
r-patched-linux-x86_64 1.7.9 186.60 412.89 599.49 OK
r-patched-solaris-x86 1.7.9 884.60 OK
r-release-linux-x86_64 1.7.9 192.38 415.27 607.65 OK
r-release-macos-x86_64 1.7.9 NOTE
r-release-windows-ix86+x86_64 1.7.9 482.00 396.00 878.00 OK
r-oldrel-macos-x86_64 1.7.9 NOTE
r-oldrel-windows-ix86+x86_64 1.7.9 308.00 414.00 722.00 OK

Check Details

Version: 1.7.9
Check: installed package size
Result: NOTE
     installed size is 9.3Mb
     sub-directories of 1Mb or more:
     libs 7.6Mb
Flavors: r-devel-linux-x86_64-fedora-clang, r-release-macos-x86_64, r-oldrel-macos-x86_64