Last updated on 2020-12-31 00:46:59 CET.
Flavor | Version | Tinstall | Tcheck | Ttotal | Status | Flags |
---|---|---|---|---|---|---|
r-devel-linux-x86_64-debian-clang | 0.1.3 | 13.62 | 106.71 | 120.33 | OK | |
r-devel-linux-x86_64-debian-gcc | 0.1.3 | 11.15 | 79.46 | 90.61 | OK | |
r-devel-linux-x86_64-fedora-clang | 0.1.3 | 151.03 | NOTE | |||
r-devel-linux-x86_64-fedora-gcc | 0.1.3 | 142.10 | NOTE | |||
r-devel-windows-ix86+x86_64 | 0.1.3 | 35.00 | 134.00 | 169.00 | OK | |
r-patched-linux-x86_64 | 0.1.3 | 14.92 | 97.72 | 112.64 | OK | |
r-patched-solaris-x86 | 0.1.3 | 205.10 | NOTE | |||
r-release-linux-x86_64 | 0.1.3 | 14.23 | 97.02 | 111.25 | OK | |
r-release-macos-x86_64 | 0.1.3 | NOTE | ||||
r-release-windows-ix86+x86_64 | 0.1.3 | 35.00 | 110.00 | 145.00 | OK | |
r-oldrel-macos-x86_64 | 0.1.3 | NOTE | ||||
r-oldrel-windows-ix86+x86_64 | 0.1.3 | 20.00 | 96.00 | 116.00 | OK |
Version: 0.1.3
Check: package dependencies
Result: NOTE
Imports includes 27 non-default packages.
Importing from so many packages makes the package vulnerable to any of
them becoming unavailable. Move as many as possible to Suggests and
use conditionally.
Flavor: r-devel-linux-x86_64-fedora-clang
Version: 0.1.3
Check: dependencies in R code
Result: NOTE
Namespaces in Imports field not imported from:
‘rlist’ ‘tm’ ‘zoo’
All declared Imports should be used.
Flavors: r-devel-linux-x86_64-fedora-clang, r-devel-linux-x86_64-fedora-gcc, r-patched-solaris-x86, r-release-macos-x86_64, r-oldrel-macos-x86_64