CRAN Package Check Results for Package stcos

Last updated on 2020-12-31 00:46:59 CET.

Flavor Version Tinstall Tcheck Ttotal Status Flags
r-devel-linux-x86_64-debian-clang 0.3.0 96.77 110.74 207.51 OK
r-devel-linux-x86_64-debian-gcc 0.3.0 63.84 83.40 147.24 OK
r-devel-linux-x86_64-fedora-clang 0.3.0 277.43 NOTE
r-devel-linux-x86_64-fedora-gcc 0.3.0 254.39 OK
r-devel-windows-ix86+x86_64 0.3.0 210.00 203.00 413.00 NOTE
r-patched-linux-x86_64 0.3.0 75.98 102.80 178.78 OK
r-patched-solaris-x86 0.3.0 299.30 OK
r-release-linux-x86_64 0.3.0 72.22 102.84 175.06 OK
r-release-macos-x86_64 0.3.0 NOTE
r-release-windows-ix86+x86_64 0.3.0 219.00 151.00 370.00 NOTE
r-oldrel-macos-x86_64 0.3.0 NOTE
r-oldrel-windows-ix86+x86_64 0.3.0 147.00 136.00 283.00 OK

Check Details

Version: 0.3.0
Check: installed package size
Result: NOTE
     installed size is 7.3Mb
     sub-directories of 1Mb or more:
     data 2.3Mb
     libs 4.7Mb
Flavors: r-devel-linux-x86_64-fedora-clang, r-devel-windows-ix86+x86_64, r-release-macos-x86_64, r-release-windows-ix86+x86_64, r-oldrel-macos-x86_64