CRAN Package Check Results for Package starma

Last updated on 2020-12-31 00:46:59 CET.

Flavor Version Tinstall Tcheck Ttotal Status Flags
r-devel-linux-x86_64-debian-clang 1.3 55.77 61.05 116.82 OK
r-devel-linux-x86_64-debian-gcc 1.3 37.15 45.56 82.71 OK
r-devel-linux-x86_64-fedora-clang 1.3 159.85 NOTE
r-devel-linux-x86_64-fedora-gcc 1.3 144.36 NOTE
r-devel-windows-ix86+x86_64 1.3 127.00 132.00 259.00 OK
r-patched-linux-x86_64 1.3 43.23 57.07 100.30 OK
r-patched-solaris-x86 1.3 162.40 OK
r-release-linux-x86_64 1.3 43.72 56.52 100.24 OK
r-release-macos-x86_64 1.3 OK
r-release-windows-ix86+x86_64 1.3 129.00 114.00 243.00 OK
r-oldrel-macos-x86_64 1.3 OK
r-oldrel-windows-ix86+x86_64 1.3 88.00 109.00 197.00 OK

Check Details

Version: 1.3
Check: compiled code
Result: NOTE
    File ‘starma/libs/starma.so’:
     Found no calls to: ‘R_registerRoutines’, ‘R_useDynamicSymbols’
    
    It is good practice to register native routines and to disable symbol
    search.
    
    See ‘Writing portable packages’ in the ‘Writing R Extensions’ manual.
Flavors: r-devel-linux-x86_64-fedora-clang, r-devel-linux-x86_64-fedora-gcc