CRAN Package Check Results for Package starm

Last updated on 2020-12-31 00:46:59 CET.

Flavor Version Tinstall Tcheck Ttotal Status Flags
r-devel-linux-x86_64-debian-clang 0.1.0 4.82 34.61 39.43 OK
r-devel-linux-x86_64-debian-gcc 0.1.0 2.94 26.75 29.69 OK
r-devel-linux-x86_64-fedora-clang 0.1.0 56.98 NOTE
r-devel-linux-x86_64-fedora-gcc 0.1.0 58.87 NOTE
r-devel-windows-ix86+x86_64 0.1.0 8.00 50.00 58.00 OK
r-patched-linux-x86_64 0.1.0 4.55 33.05 37.60 OK
r-patched-solaris-x86 0.1.0 70.90 NOTE
r-release-linux-x86_64 0.1.0 4.05 33.18 37.23 OK
r-release-macos-x86_64 0.1.0 NOTE
r-release-windows-ix86+x86_64 0.1.0 8.00 40.00 48.00 OK
r-oldrel-macos-x86_64 0.1.0 NOTE
r-oldrel-windows-ix86+x86_64 0.1.0 5.00 35.00 40.00 OK

Check Details

Version: 0.1.0
Check: dependencies in R code
Result: NOTE
    Namespace in Imports field not imported from: ‘Matrix’
     All declared Imports should be used.
Flavors: r-devel-linux-x86_64-fedora-clang, r-devel-linux-x86_64-fedora-gcc, r-patched-solaris-x86, r-release-macos-x86_64, r-oldrel-macos-x86_64