Last updated on 2020-12-31 00:46:59 CET.
Flavor | Version | Tinstall | Tcheck | Ttotal | Status | Flags |
---|---|---|---|---|---|---|
r-devel-linux-x86_64-debian-clang | 0.7.0 | 2.96 | 26.29 | 29.25 | OK | |
r-devel-linux-x86_64-debian-gcc | 0.7.0 | 2.18 | 20.63 | 22.81 | OK | |
r-devel-linux-x86_64-fedora-clang | 0.7.0 | 44.26 | NOTE | |||
r-devel-linux-x86_64-fedora-gcc | 0.7.0 | 34.93 | OK | |||
r-devel-windows-ix86+x86_64 | 0.7.0 | 6.00 | 40.00 | 46.00 | OK | |
r-patched-linux-x86_64 | 0.7.0 | 2.87 | 25.73 | 28.60 | OK | |
r-patched-solaris-x86 | 0.7.0 | 51.90 | OK | |||
r-release-linux-x86_64 | 0.7.0 | 2.94 | 25.51 | 28.45 | OK | |
r-release-macos-x86_64 | 0.7.0 | OK | ||||
r-release-windows-ix86+x86_64 | 0.7.0 | 4.00 | 30.00 | 34.00 | OK | |
r-oldrel-macos-x86_64 | 0.7.0 | OK | ||||
r-oldrel-windows-ix86+x86_64 | 0.7.0 | 7.00 | 48.00 | 55.00 | OK |
Version: 0.7.0
Check: Rd cross-references
Result: NOTE
Undeclared packages ‘pryr’, ‘functional’, ‘dplyr’, ‘ks’, ‘purrr’, ‘data.table’ in Rd xrefs
Flavor: r-devel-linux-x86_64-fedora-clang