Last updated on 2020-12-31 00:47:00 CET.
Flavor | Version | Tinstall | Tcheck | Ttotal | Status | Flags |
---|---|---|---|---|---|---|
r-devel-linux-x86_64-debian-clang | 1.0.3.4 | 19.62 | 184.95 | 204.57 | NOTE | |
r-devel-linux-x86_64-debian-gcc | 1.0.3.4 | 15.00 | 138.84 | 153.84 | NOTE | |
r-devel-linux-x86_64-fedora-clang | 1.0.3.4 | 249.72 | NOTE | |||
r-devel-linux-x86_64-fedora-gcc | 1.0.3.4 | 248.72 | NOTE | |||
r-devel-windows-ix86+x86_64 | 1.0.3.4 | 50.00 | 274.00 | 324.00 | OK | |
r-patched-linux-x86_64 | 1.0.3.4 | 17.79 | 173.30 | 191.09 | NOTE | |
r-patched-solaris-x86 | 1.0.3.4 | 370.40 | NOTE | |||
r-release-linux-x86_64 | 1.0.3.4 | 18.01 | 172.16 | 190.17 | NOTE | |
r-release-macos-x86_64 | 1.0.3.4 | OK | ||||
r-release-windows-ix86+x86_64 | 1.0.3.4 | 58.00 | 210.00 | 268.00 | OK | |
r-oldrel-macos-x86_64 | 1.0.3.4 | ERROR | ||||
r-oldrel-windows-ix86+x86_64 | 1.0.3.4 | 32.00 | 199.00 | 231.00 | OK |
Version: 1.0.3.4
Check: for non-standard things in the check directory
Result: NOTE
Found the following files/directories:
'EmiStatR_output' 'ExamplePlot-event.pdf' 'ExamplePlot-season.pdf'
'Output1_MC-uncertainty_360min-event.pdf'
'Output1_MC-uncertainty_360min-season.pdf' 'gof.RData' 'gof.csv'
'gofGoF_results.RData' 'gofGoF_results.csv' 'mc.RData' 'sim1.RData'
'summ.RData' 'variance.RData'
Flavors: r-devel-linux-x86_64-debian-clang, r-devel-linux-x86_64-debian-gcc, r-devel-linux-x86_64-fedora-clang, r-devel-linux-x86_64-fedora-gcc, r-patched-linux-x86_64, r-patched-solaris-x86, r-release-linux-x86_64
Version: 1.0.3.4
Check: package dependencies
Result: ERROR
Package required but not available: ‘EmiStatR’
See section ‘The DESCRIPTION file’ in the ‘Writing R Extensions’
manual.
Flavor: r-oldrel-macos-x86_64