CRAN Package Check Results for Package spocc

Last updated on 2020-12-31 00:46:59 CET.

Flavor Version Tinstall Tcheck Ttotal Status Flags
r-devel-linux-x86_64-debian-clang 1.1.0 12.24 101.87 114.11 ERROR
r-devel-linux-x86_64-debian-gcc 1.1.0 9.48 76.89 86.37 ERROR
r-devel-linux-x86_64-fedora-clang 1.1.0 144.64 ERROR
r-devel-linux-x86_64-fedora-gcc 1.1.0 136.31 ERROR
r-devel-windows-ix86+x86_64 1.1.0 24.00 195.00 219.00 OK
r-patched-linux-x86_64 1.1.0 11.16 95.63 106.79 ERROR
r-patched-solaris-x86 1.1.0 182.80 ERROR
r-release-linux-x86_64 1.1.0 11.39 95.80 107.19 ERROR
r-release-macos-x86_64 1.1.0 OK
r-release-windows-ix86+x86_64 1.1.0 25.00 135.00 160.00 OK
r-oldrel-macos-x86_64 1.1.0 OK
r-oldrel-windows-ix86+x86_64 1.1.0 12.00 130.00 142.00 OK

Check Details

Version: 1.1.0
Check: tests
Result: ERROR
     Running 'testthat.R' [20s/23s]
    Running the tests in 'tests/testthat.R' failed.
    Complete output:
     > library('testthat')
     > test_check("spocc")
     Loading required package: spocc
     Error: C stack usage 40369768 is too close to the limit
     Execution halted
Flavor: r-devel-linux-x86_64-debian-clang

Version: 1.1.0
Check: tests
Result: ERROR
     Running ‘testthat.R’ [15s/24s]
    Running the tests in ‘tests/testthat.R’ failed.
    Complete output:
     > library('testthat')
     > test_check("spocc")
     Loading required package: spocc
     Error: C stack usage 40864144 is too close to the limit
     Execution halted
Flavor: r-devel-linux-x86_64-debian-gcc

Version: 1.1.0
Check: tests
Result: ERROR
     Running ‘testthat.R’ [25s/33s]
    Running the tests in ‘tests/testthat.R’ failed.
    Complete output:
     > library('testthat')
     > test_check("spocc")
     Loading required package: spocc
     Error: C stack usage 40356360 is too close to the limit
     Execution halted
Flavor: r-devel-linux-x86_64-fedora-clang

Version: 1.1.0
Check: tests
Result: ERROR
     Running ‘testthat.R’ [25s/42s]
    Running the tests in ‘tests/testthat.R’ failed.
    Complete output:
     > library('testthat')
     > test_check("spocc")
     Loading required package: spocc
     Error: C stack usage 40779768 is too close to the limit
     Execution halted
Flavor: r-devel-linux-x86_64-fedora-gcc

Version: 1.1.0
Check: tests
Result: ERROR
     Running ‘testthat.R’ [20s/23s]
    Running the tests in ‘tests/testthat.R’ failed.
    Complete output:
     > library('testthat')
     > test_check("spocc")
     Loading required package: spocc
     Error: C stack usage 40866368 is too close to the limit
     Execution halted
Flavor: r-patched-linux-x86_64

Version: 1.1.0
Check: tests
Result: ERROR
     Running ‘testthat.R’ [36s/36s]
    Running the tests in ‘tests/testthat.R’ failed.
    Complete output:
     > library('testthat')
     > test_check("spocc")
     Loading required package: spocc
     Error: C stack usage 50392931 is too close to the limit
     Execution halted
Flavor: r-patched-solaris-x86

Version: 1.1.0
Check: tests
Result: ERROR
     Running ‘testthat.R’ [20s/24s]
    Running the tests in ‘tests/testthat.R’ failed.
    Complete output:
     > library('testthat')
     > test_check("spocc")
     Loading required package: spocc
     Error: C stack usage 40867776 is too close to the limit
     Execution halted
Flavor: r-release-linux-x86_64