CRAN Package Check Results for Package sphet

Last updated on 2020-12-31 00:46:59 CET.

Flavor Version Tinstall Tcheck Ttotal Status Flags
r-devel-linux-x86_64-debian-clang 1.7 18.63 177.28 195.91 OK
r-devel-linux-x86_64-debian-gcc 1.7 14.34 132.25 146.59 OK
r-devel-linux-x86_64-fedora-clang 1.7 246.42 OK
r-devel-linux-x86_64-fedora-gcc 1.7 235.37 OK
r-devel-windows-ix86+x86_64 1.7 39.00 216.00 255.00 OK
r-patched-linux-x86_64 1.7 17.14 161.55 178.69 OK
r-patched-solaris-x86 1.7 331.80 OK
r-release-linux-x86_64 1.7 17.26 164.66 181.92 WARN
r-release-macos-x86_64 1.7 OK
r-release-windows-ix86+x86_64 1.7 40.00 149.00 189.00 OK
r-oldrel-macos-x86_64 1.7 OK
r-oldrel-windows-ix86+x86_64 1.7 27.00 130.00 157.00 OK

Check Details

Version: 1.7
Check: re-building of vignette outputs
Result: WARN
    Error(s) in re-building vignettes:
     ...
    --- re-building ‘sphet.Rnw’ using Sweave
    Loading required package: sp
    Loading required package: spData
    To access larger datasets in this package, install the
    spDataLarge package with: `install.packages('spDataLarge',
    repos='https://nowosad.github.io/drat/', type='source')`
    Loading required package: sf
    Linking to GEOS 3.9.0, GDAL 3.2.0, PROJ 7.2.0
    Warning in data("boston", package = "spdep") :
     data set 'boston' not found
    Warning in read.gwt2dist(file = "boston_nn_10.GWT", region.id = id1, skip = 1) :
     1, 65 are not destinations
    Warning: Function stsls moved to the spatialreg package
    Warning in stsls(log(CMEDV) ~ CRIM + ZN + INDUS + CHAS + I(NOX^2) + I(RM^2) + :
     install the spatialreg package
    Warning: Method summary.stsls moved to the spatialreg package
    Warning in summary.stsls(res) : install the spatialreg package
    Warning: Method print.summary.stsls moved to the spatialreg package
    Warning in print.summary.stsls(res$value) :
     install the spatialreg package
    Warning: Method residuals.stsls moved to the spatialreg package
    Warning in residuals.stsls(x) : install the spatialreg package
    Warning: Function stsls moved to the spatialreg package
    Warning in stsls(log(CMEDV) ~ CRIM + ZN + INDUS + CHAS + I(NOX^2) + I(RM^2) + :
     install the spatialreg package
    Warning: Method summary.stsls moved to the spatialreg package
    Warning in summary.stsls(res) : install the spatialreg package
    Warning: Method print.summary.stsls moved to the spatialreg package
    Warning in print.summary.stsls(res$value) :
     install the spatialreg package
    Warning: Method residuals.stsls moved to the spatialreg package
    Warning in residuals.stsls(x) : install the spatialreg package
    Error: processing vignette 'sphet.Rnw' failed with diagnostics:
    Running ‘texi2dvi’ on ‘sphet.tex’ failed.
    LaTeX errors:
    ! Undefined control sequence.
    <recently read> \Hy@colorlink
    
    l.45 \begin{document}
    
    ! Undefined control sequence.
    \close@pdflink ->\Hy@endcolorlink
     \Hy@VerboseLinkStop \pdfendlink
    l.45 \begin{document}
    
    ! Undefined control sequence.
    <recently read> \Hy@colorlink
    
    l.45 \begin{document}
    
    ! Undefined control sequence.
    \close@pdflink ->\Hy@endcolorlink
     \Hy@VerboseLinkStop \pdfendlink
    l.45 \begin{document}
    
    ! Undefined control sequence.
    <recently read> \Hy@colorlink
    
    l.45 \begin{document}
    
    ! Undefined control sequence.
    \close@pdflink ->\Hy@endcolorlink
     \Hy@VerboseLinkStop \pdfendlink
    l.45 \begin{document}
    
    ! Undefined control sequence.
    <recently read> \Hy@colorlink
    
    l.45 \begin{document}
    
    ! Undefined control sequence.
    \close@pdflink ->\Hy@endcolorlink
     \Hy@VerboseLinkStop \pdfendlink
    l.45 \begin{document}
    
    ! Undefined control sequence.
    <recently read> \Hy@colorlink
    
    l.45 \begin{document}
    
    ! Undefined control sequence.
    \close@pdflink ->\Hy@endcolorlink
     \Hy@VerboseLinkStop \pdfendlink
    l.45 \begin{document}
    
    ! Undefined control sequence.
    <recently read> \Hy@colorlink
    
    l.45 \begin{document}
    
    ! Undefined control sequence.
    \close@pdflink ->\Hy@endcolorlink
     \Hy@VerboseLinkStop \pdfendlink
    l.45 \begin{document}
    
    ! Undefined control sequence.
    <recently read> \Hy@colorlink
    
    l.45 \begin{document}
    
    ! Undefined control sequence.
    \close@pdflink ->\Hy@endcolorlink
     \Hy@VerboseLinkStop \pdfendlink
    l.45 \begin{document}
    
    --- failed re-building 'sphet.Rnw'
    
    SUMMARY: processing the following file failed:
     'sphet.Rnw'
    
    Error: Vignette re-building failed.
    Execution halted
Flavor: r-release-linux-x86_64