Last updated on 2020-12-31 00:46:59 CET.
Flavor | Version | Tinstall | Tcheck | Ttotal | Status | Flags |
---|---|---|---|---|---|---|
r-devel-linux-x86_64-debian-clang | 1.0.9 | 24.32 | 110.20 | 134.52 | OK | |
r-devel-linux-x86_64-debian-gcc | 1.0.9 | 18.25 | 81.20 | 99.45 | OK | |
r-devel-linux-x86_64-fedora-clang | 1.0.9 | 169.73 | OK | |||
r-devel-linux-x86_64-fedora-gcc | 1.0.9 | 164.64 | OK | |||
r-devel-windows-ix86+x86_64 | 1.0.9 | 37.00 | 165.00 | 202.00 | OK | |
r-patched-linux-x86_64 | 1.0.9 | 25.49 | 98.72 | 124.21 | OK | |
r-patched-solaris-x86 | 1.0.9 | 225.00 | OK | |||
r-release-linux-x86_64 | 1.0.9 | 24.45 | 100.67 | 125.12 | OK | |
r-release-macos-x86_64 | 1.0.9 | OK | ||||
r-release-windows-ix86+x86_64 | 1.0.9 | 40.00 | 115.00 | 155.00 | OK | |
r-oldrel-macos-x86_64 | 1.0.9 | WARN | ||||
r-oldrel-windows-ix86+x86_64 | 1.0.9 | 24.00 | 110.00 | 134.00 | OK |
Version: 1.0.9
Check: dependencies in R code
Result: NOTE
No protocol specified
No protocol specified
Flavor: r-oldrel-macos-x86_64
Version: 1.0.9
Check: S3 generic/method consistency
Result: WARN
No protocol specified
No protocol specified
See section ‘Generic functions and methods’ in the ‘Writing R
Extensions’ manual.
Flavor: r-oldrel-macos-x86_64
Version: 1.0.9
Check: replacement functions
Result: WARN
No protocol specified
No protocol specified
The argument of a replacement function which corresponds to the right
hand side must be named ‘value’.
Flavor: r-oldrel-macos-x86_64
Version: 1.0.9
Check: foreign function calls
Result: NOTE
No protocol specified
No protocol specified
See chapter ‘System and foreign language interfaces’ in the ‘Writing R
Extensions’ manual.
Flavor: r-oldrel-macos-x86_64
Version: 1.0.9
Check: R code for possible problems
Result: NOTE
No protocol specified
No protocol specified
Flavor: r-oldrel-macos-x86_64
Version: 1.0.9
Check: for missing documentation entries
Result: WARN
No protocol specified
No protocol specified
All user-level objects in a package should have documentation entries.
See chapter ‘Writing R documentation files’ in the ‘Writing R
Extensions’ manual.
Flavor: r-oldrel-macos-x86_64
Version: 1.0.9
Check: for code/documentation mismatches
Result: WARN
No protocol specified
No protocol specified
No protocol specified
No protocol specified
No protocol specified
No protocol specified
Flavor: r-oldrel-macos-x86_64
Version: 1.0.9
Check: Rd \usage sections
Result: NOTE
No protocol specified
No protocol specified
The \usage entries for S3 methods should use the \method markup and not
their full name.
See chapter ‘Writing R documentation files’ in the ‘Writing R
Extensions’ manual.
Flavor: r-oldrel-macos-x86_64