Last updated on 2020-12-31 00:46:59 CET.
Flavor | Version | Tinstall | Tcheck | Ttotal | Status | Flags |
---|---|---|---|---|---|---|
r-devel-linux-x86_64-debian-clang | 0.0.1.7 | 55.55 | 30.75 | 86.30 | OK | |
r-devel-linux-x86_64-debian-gcc | 0.0.1.7 | 30.30 | 24.37 | 54.67 | OK | |
r-devel-linux-x86_64-fedora-clang | 0.0.1.7 | 133.03 | OK | |||
r-devel-linux-x86_64-fedora-gcc | 0.0.1.7 | 101.02 | OK | |||
r-devel-windows-ix86+x86_64 | 0.0.1.7 | 124.00 | 82.00 | 206.00 | NOTE | |
r-patched-linux-x86_64 | 0.0.1.7 | 38.66 | 30.49 | 69.15 | OK | |
r-patched-solaris-x86 | 0.0.1.7 | 140.70 | OK | |||
r-release-linux-x86_64 | 0.0.1.7 | 37.60 | 30.19 | 67.79 | OK | |
r-release-macos-x86_64 | 0.0.1.7 | OK | ||||
r-release-windows-ix86+x86_64 | 0.0.1.7 | 128.00 | 62.00 | 190.00 | NOTE | |
r-oldrel-macos-x86_64 | 0.0.1.7 | OK | ||||
r-oldrel-windows-ix86+x86_64 | 0.0.1.7 | 86.00 | 58.00 | 144.00 | OK |
Version: 0.0.1.7
Check: installed package size
Result: NOTE
installed size is 5.4Mb
sub-directories of 1Mb or more:
libs 3.7Mb
Flavors: r-devel-windows-ix86+x86_64, r-release-windows-ix86+x86_64