CRAN Package Check Results for Package spatialwarnings

Last updated on 2020-12-31 00:46:59 CET.

Flavor Version Tinstall Tcheck Ttotal Status Flags
r-devel-linux-x86_64-debian-clang 2.0.0 131.78 135.55 267.33 OK
r-devel-linux-x86_64-debian-gcc 2.0.0 80.12 102.68 182.80 OK
r-devel-linux-x86_64-fedora-clang 2.0.0 350.76 NOTE
r-devel-linux-x86_64-fedora-gcc 2.0.0 313.37 NOTE
r-devel-windows-ix86+x86_64 2.0.0 291.00 284.00 575.00 OK
r-patched-linux-x86_64 2.0.0 97.71 128.70 226.41 OK
r-patched-solaris-x86 2.0.0 414.40 NOTE
r-release-linux-x86_64 2.0.0 101.50 126.36 227.86 OK
r-release-macos-x86_64 2.0.0 NOTE
r-release-windows-ix86+x86_64 2.0.0 298.00 211.00 509.00 OK
r-oldrel-macos-x86_64 2.0.0 NOTE
r-oldrel-windows-ix86+x86_64 2.0.0 188.00 197.00 385.00 OK

Check Details

Version: 2.0.0
Check: dependencies in R code
Result: NOTE
    Namespace in Imports field not imported from: ‘tidyr’
     All declared Imports should be used.
Flavors: r-devel-linux-x86_64-fedora-clang, r-devel-linux-x86_64-fedora-gcc, r-patched-solaris-x86, r-release-macos-x86_64, r-oldrel-macos-x86_64