CRAN Package Check Results for Package spatialfusion

Last updated on 2020-12-31 00:46:59 CET.

Flavor Version Tinstall Tcheck Ttotal Status Flags
r-devel-linux-x86_64-debian-clang 0.6-2 21.01 177.67 198.68 NOTE
r-devel-linux-x86_64-debian-gcc 0.6-2 17.53 136.45 153.98 NOTE
r-devel-linux-x86_64-fedora-clang 0.6-2 247.94 OK
r-devel-linux-x86_64-fedora-gcc 0.6-2 242.59 OK
r-devel-windows-ix86+x86_64 0.6-2 54.00 206.00 260.00 OK
r-patched-linux-x86_64 0.6-2 15.37 164.99 180.36 NOTE
r-patched-solaris-x86 0.6-2 372.20 NOTE
r-release-linux-x86_64 0.6-2 15.41 164.19 179.60 NOTE
r-release-macos-x86_64 0.6-2 NOTE
r-release-windows-ix86+x86_64 0.6-2 54.00 156.00 210.00 OK
r-oldrel-macos-x86_64 0.6-2 NOTE
r-oldrel-windows-ix86+x86_64 0.6-2 31.00 141.00 172.00 OK

Check Details

Version: 0.6-2
Check: package dependencies
Result: NOTE
    Package suggested but not available for checking: 'INLA'
Flavors: r-devel-linux-x86_64-debian-clang, r-devel-linux-x86_64-debian-gcc, r-patched-linux-x86_64, r-patched-solaris-x86, r-release-linux-x86_64, r-release-macos-x86_64, r-oldrel-macos-x86_64