Last updated on 2020-12-31 00:46:59 CET.
Flavor | Version | Tinstall | Tcheck | Ttotal | Status | Flags |
---|---|---|---|---|---|---|
r-devel-linux-x86_64-debian-clang | 0.1.1 | 3.03 | 52.36 | 55.39 | OK | |
r-devel-linux-x86_64-debian-gcc | 0.1.1 | 2.69 | 39.73 | 42.42 | OK | |
r-devel-linux-x86_64-fedora-clang | 0.1.1 | 74.97 | NOTE | |||
r-devel-linux-x86_64-fedora-gcc | 0.1.1 | 64.30 | NOTE | |||
r-devel-windows-ix86+x86_64 | 0.1.1 | 8.00 | 86.00 | 94.00 | OK | |
r-patched-linux-x86_64 | 0.1.1 | 2.73 | 50.24 | 52.97 | OK | |
r-patched-solaris-x86 | 0.1.1 | 121.70 | NOTE | |||
r-release-linux-x86_64 | 0.1.1 | 3.25 | 50.67 | 53.92 | OK | |
r-release-macos-x86_64 | 0.1.1 | NOTE | ||||
r-release-windows-ix86+x86_64 | 0.1.1 | 8.00 | 72.00 | 80.00 | OK | |
r-oldrel-macos-x86_64 | 0.1.1 | NOTE | ||||
r-oldrel-windows-ix86+x86_64 | 0.1.1 | 4.00 | 66.00 | 70.00 | OK |
Version: 0.1.1
Check: dependencies in R code
Result: NOTE
Namespace in Imports field not imported from: ‘rgdal’
All declared Imports should be used.
Flavors: r-devel-linux-x86_64-fedora-clang, r-devel-linux-x86_64-fedora-gcc, r-patched-solaris-x86, r-release-macos-x86_64, r-oldrel-macos-x86_64