CRAN Package Check Results for Package spCP

Last updated on 2020-12-31 00:46:59 CET.

Flavor Version Tinstall Tcheck Ttotal Status Flags
r-devel-linux-x86_64-debian-clang 1.2 256.32 245.43 501.75 OK
r-devel-linux-x86_64-debian-gcc 1.2 164.26 179.54 343.80 OK
r-devel-linux-x86_64-fedora-clang 1.2 662.88 NOTE
r-devel-linux-x86_64-fedora-gcc 1.2 625.85 OK
r-devel-windows-ix86+x86_64 1.2 598.00 501.00 1099.00 OK
r-patched-linux-x86_64 1.2 195.78 245.15 440.93 OK
r-patched-solaris-x86 1.2 829.30 OK
r-release-linux-x86_64 1.2 203.63 245.61 449.24 OK
r-release-macos-x86_64 1.2 NOTE
r-release-windows-ix86+x86_64 1.2 607.00 393.00 1000.00 OK
r-oldrel-macos-x86_64 1.2 NOTE
r-oldrel-windows-ix86+x86_64 1.2 383.00 402.00 785.00 OK

Check Details

Version: 1.2
Check: installed package size
Result: NOTE
     installed size is 10.0Mb
     sub-directories of 1Mb or more:
     libs 9.3Mb
Flavors: r-devel-linux-x86_64-fedora-clang, r-release-macos-x86_64, r-oldrel-macos-x86_64