CRAN Package Check Results for Package spBayesSurv

Last updated on 2020-12-31 00:46:59 CET.

Flavor Version Tinstall Tcheck Ttotal Status Flags
r-devel-linux-x86_64-debian-clang 1.1.4 516.17 85.27 601.44 OK
r-devel-linux-x86_64-debian-gcc 1.1.4 375.86 63.46 439.32 OK
r-devel-linux-x86_64-fedora-clang 1.1.4 834.79 NOTE
r-devel-linux-x86_64-fedora-gcc 1.1.4 800.07 NOTE
r-devel-windows-ix86+x86_64 1.1.4 1103.00 175.00 1278.00 NOTE
r-patched-linux-x86_64 1.1.4 435.24 78.30 513.54 OK
r-patched-solaris-x86 1.1.4 614.70 NOTE
r-release-linux-x86_64 1.1.4 430.16 79.30 509.46 OK
r-release-macos-x86_64 1.1.4 NOTE
r-release-windows-ix86+x86_64 1.1.4 1123.00 135.00 1258.00 NOTE
r-oldrel-macos-x86_64 1.1.4 NOTE
r-oldrel-windows-ix86+x86_64 1.1.4 771.00 144.00 915.00 NOTE

Check Details

Version: 1.1.4
Check: installed package size
Result: NOTE
     installed size is 33.2Mb
     sub-directories of 1Mb or more:
     libs 32.4Mb
Flavors: r-devel-linux-x86_64-fedora-clang, r-devel-windows-ix86+x86_64, r-release-macos-x86_64, r-release-windows-ix86+x86_64, r-oldrel-macos-x86_64, r-oldrel-windows-ix86+x86_64

Version: 1.1.4
Check: dependencies in R code
Result: NOTE
    Namespace in Imports field not imported from: ‘MASS’
     All declared Imports should be used.
Flavors: r-devel-linux-x86_64-fedora-clang, r-devel-linux-x86_64-fedora-gcc, r-patched-solaris-x86, r-release-macos-x86_64, r-oldrel-macos-x86_64