CRAN Package Check Results for Package sourceR

Last updated on 2020-12-31 00:46:59 CET.

Flavor Version Tinstall Tcheck Ttotal Status Flags
r-devel-linux-x86_64-debian-clang 1.1.0 43.36 108.44 151.80 OK
r-devel-linux-x86_64-debian-gcc 1.1.0 31.34 77.06 108.40 OK
r-devel-linux-x86_64-fedora-clang 1.1.0 190.71 NOTE
r-devel-linux-x86_64-fedora-gcc 1.1.0 180.56 NOTE
r-devel-windows-ix86+x86_64 1.1.0 79.00 199.00 278.00 OK
r-patched-linux-x86_64 1.1.0 37.40 98.34 135.74 OK
r-patched-solaris-x86 1.1.0 205.70 NOTE
r-release-linux-x86_64 1.1.0 36.03 98.99 135.02 OK
r-release-macos-x86_64 1.1.0 NOTE
r-release-windows-ix86+x86_64 1.1.0 85.00 151.00 236.00 OK
r-oldrel-macos-x86_64 1.1.0 NOTE
r-oldrel-windows-ix86+x86_64 1.1.0 51.00 154.00 205.00 OK

Check Details

Version: 1.1.0
Check: dependencies in R code
Result: NOTE
    Namespaces in Imports field not imported from:
     ‘gtools’ ‘reshape2’
     All declared Imports should be used.
Flavors: r-devel-linux-x86_64-fedora-clang, r-devel-linux-x86_64-fedora-gcc, r-patched-solaris-x86, r-release-macos-x86_64, r-oldrel-macos-x86_64