Last updated on 2020-12-31 00:46:59 CET.
Flavor | Version | Tinstall | Tcheck | Ttotal | Status | Flags |
---|---|---|---|---|---|---|
r-devel-linux-x86_64-debian-clang | 1.1.1 | 3.36 | 33.84 | 37.20 | OK | |
r-devel-linux-x86_64-debian-gcc | 1.1.1 | 2.55 | 25.55 | 28.10 | OK | |
r-devel-linux-x86_64-fedora-clang | 1.1.1 | 51.71 | NOTE | |||
r-devel-linux-x86_64-fedora-gcc | 1.1.1 | 42.25 | NOTE | |||
r-devel-windows-ix86+x86_64 | 1.1.1 | 7.00 | 48.00 | 55.00 | OK | |
r-patched-linux-x86_64 | 1.1.1 | 3.32 | 31.00 | 34.32 | OK | |
r-patched-solaris-x86 | 1.1.1 | 70.20 | NOTE | |||
r-release-linux-x86_64 | 1.1.1 | 3.41 | 31.62 | 35.03 | OK | |
r-release-macos-x86_64 | 1.1.1 | NOTE | ||||
r-release-windows-ix86+x86_64 | 1.1.1 | 7.00 | 38.00 | 45.00 | OK | |
r-oldrel-macos-x86_64 | 1.1.1 | NOTE | ||||
r-oldrel-windows-ix86+x86_64 | 1.1.1 | 3.00 | 33.00 | 36.00 | OK |
Version: 1.1.1
Check: dependencies in R code
Result: NOTE
Namespaces in Imports field not imported from:
‘R6’ ‘lgr’
All declared Imports should be used.
Flavors: r-devel-linux-x86_64-fedora-clang, r-devel-linux-x86_64-fedora-gcc, r-patched-solaris-x86, r-release-macos-x86_64, r-oldrel-macos-x86_64