CRAN Package Check Results for Package snplist

Last updated on 2020-12-31 00:46:58 CET.

Flavor Version Tinstall Tcheck Ttotal Status Flags
r-devel-linux-x86_64-debian-clang 0.18.1 27.49 168.77 196.26 NOTE
r-devel-linux-x86_64-debian-gcc 0.18.1 19.96 125.65 145.61 NOTE
r-devel-linux-x86_64-fedora-clang 0.18.1 241.57 NOTE
r-devel-linux-x86_64-fedora-gcc 0.18.1 234.25 NOTE
r-devel-windows-ix86+x86_64 0.18.1 67.00 258.00 325.00 OK
r-patched-linux-x86_64 0.18.1 22.36 155.62 177.98 NOTE
r-patched-solaris-x86 0.18.1 317.70 NOTE
r-release-linux-x86_64 0.18.1 23.60 154.96 178.56 NOTE
r-release-macos-x86_64 0.18.1 OK
r-release-windows-ix86+x86_64 0.18.1 70.00 192.00 262.00 OK
r-oldrel-macos-x86_64 0.18.1 OK
r-oldrel-windows-ix86+x86_64 0.18.1 45.00 166.00 211.00 WARN

Check Details

Version: 0.18.1
Check: for non-standard things in the check directory
Result: NOTE
    Found the following files/directories:
     'geneSet.set' 'snplistdb.sqlite'
Flavors: r-devel-linux-x86_64-debian-clang, r-devel-linux-x86_64-debian-gcc, r-devel-linux-x86_64-fedora-clang, r-devel-linux-x86_64-fedora-gcc, r-patched-linux-x86_64, r-patched-solaris-x86, r-release-linux-x86_64

Version: 0.18.1
Check: re-building of vignette outputs
Result: WARN
    Error(s) in re-building vignettes:
    --- re-building 'snplist.Rnw' using knitr
    Quitting from lines 86-91 (snplist.Rnw)
    Error: processing vignette 'snplist.Rnw' failed with diagnostics:
    no applicable method for 'filter_' applied to an object of class "c('tbl_SQLiteConnection', 'tbl_dbi', 'tbl_sql', 'tbl_lazy', 'tbl')"
    --- failed re-building 'snplist.Rnw'
    
    SUMMARY: processing the following file failed:
     'snplist.Rnw'
    
    Error: Vignette re-building failed.
    Execution halted
Flavor: r-oldrel-windows-ix86+x86_64