Last updated on 2020-12-31 00:46:58 CET.
Flavor | Version | Tinstall | Tcheck | Ttotal | Status | Flags |
---|---|---|---|---|---|---|
r-devel-linux-x86_64-debian-clang | 0.3 | 11.26 | 124.27 | 135.53 | OK | |
r-devel-linux-x86_64-debian-gcc | 0.3 | 9.60 | 96.12 | 105.72 | OK | |
r-devel-linux-x86_64-fedora-clang | 0.3 | 174.59 | NOTE | |||
r-devel-linux-x86_64-fedora-gcc | 0.3 | 163.37 | NOTE | |||
r-devel-windows-ix86+x86_64 | 0.3 | 25.00 | 150.00 | 175.00 | OK | |
r-patched-linux-x86_64 | 0.3 | 10.75 | 115.79 | 126.54 | OK | |
r-patched-solaris-x86 | 0.3 | 261.90 | NOTE | |||
r-release-linux-x86_64 | 0.3 | 10.44 | 116.37 | 126.81 | OK | |
r-release-macos-x86_64 | 0.3 | NOTE | ||||
r-release-windows-ix86+x86_64 | 0.3 | 25.00 | 112.00 | 137.00 | OK | |
r-oldrel-macos-x86_64 | 0.3 | WARN | ||||
r-oldrel-windows-ix86+x86_64 | 0.3 | 14.00 | 87.00 | 101.00 | OK |
Version: 0.3
Check: dependencies in R code
Result: NOTE
Namespaces in Imports field not imported from:
‘compiler’ ‘lmtest’
All declared Imports should be used.
Flavors: r-devel-linux-x86_64-fedora-clang, r-devel-linux-x86_64-fedora-gcc, r-patched-solaris-x86, r-release-macos-x86_64, r-oldrel-macos-x86_64
Version: 0.3
Check: whether package can be installed
Result: WARN
Found the following significant warnings:
Warning: 'rgl_init' failed, running with rgl.useNULL = TRUE
Flavor: r-oldrel-macos-x86_64