Last updated on 2020-12-31 00:46:58 CET.
Flavor | Version | Tinstall | Tcheck | Ttotal | Status | Flags |
---|---|---|---|---|---|---|
r-devel-linux-x86_64-debian-clang | 0.64.2 | 165.53 | 183.91 | 349.44 | OK | |
r-devel-linux-x86_64-debian-gcc | 0.64.2 | 130.35 | 137.79 | 268.14 | OK | |
r-devel-linux-x86_64-fedora-clang | 0.64.2 | 480.87 | NOTE | |||
r-devel-linux-x86_64-fedora-gcc | 0.64.2 | 465.11 | NOTE | |||
r-devel-windows-ix86+x86_64 | 0.64.2 | 343.00 | 392.00 | 735.00 | OK | |
r-patched-linux-x86_64 | 0.64.2 | 149.79 | 175.52 | 325.31 | OK | |
r-patched-solaris-x86 | 0.64.2 | 472.40 | NOTE | |||
r-release-linux-x86_64 | 0.64.2 | 142.73 | 176.36 | 319.09 | OK | |
r-release-macos-x86_64 | 0.64.2 | NOTE | ||||
r-release-windows-ix86+x86_64 | 0.64.2 | 336.00 | 388.00 | 724.00 | OK | |
r-oldrel-macos-x86_64 | 0.64.2 | NOTE | ||||
r-oldrel-windows-ix86+x86_64 | 0.64.2 | 228.00 | 262.00 | 490.00 | OK |
Version: 0.64.2
Check: package dependencies
Result: NOTE
Imports includes 22 non-default packages.
Importing from so many packages makes the package vulnerable to any of
them becoming unavailable. Move as many as possible to Suggests and
use conditionally.
Flavor: r-devel-linux-x86_64-fedora-clang
Version: 0.64.2
Check: installed package size
Result: NOTE
installed size is 34.4Mb
sub-directories of 1Mb or more:
libs 32.9Mb
Flavors: r-devel-linux-x86_64-fedora-clang, r-release-macos-x86_64, r-oldrel-macos-x86_64
Version: 0.64.2
Check: dependencies in R code
Result: NOTE
Namespace in Imports field not imported from: ‘nlme’
All declared Imports should be used.
Flavors: r-devel-linux-x86_64-fedora-clang, r-devel-linux-x86_64-fedora-gcc, r-patched-solaris-x86, r-release-macos-x86_64, r-oldrel-macos-x86_64