CRAN Package Check Results for Package shrinkTVP

Last updated on 2020-12-31 00:46:58 CET.

Flavor Version Tinstall Tcheck Ttotal Status Flags
r-devel-linux-x86_64-debian-clang 2.0.1 221.05 67.56 288.61 OK
r-devel-linux-x86_64-debian-gcc 2.0.1 139.02 52.04 191.06 OK
r-devel-linux-x86_64-fedora-clang 2.0.1 400.87 NOTE
r-devel-linux-x86_64-fedora-gcc 2.0.1 358.05 OK
r-devel-windows-ix86+x86_64 2.0.1 486.00 122.00 608.00 OK
r-patched-linux-x86_64 2.0.1 169.03 64.74 233.77 OK
r-patched-solaris-x86 2.0.1 340.40 OK
r-release-linux-x86_64 2.0.1 172.31 55.82 228.13 WARN
r-release-macos-x86_64 2.0.1 NOTE
r-release-windows-ix86+x86_64 2.0.1 476.00 92.00 568.00 OK
r-oldrel-macos-x86_64 2.0.1 NOTE
r-oldrel-windows-ix86+x86_64 2.0.1 327.00 87.00 414.00 OK

Check Details

Version: 2.0.1
Check: installed package size
Result: NOTE
     installed size is 8.8Mb
     sub-directories of 1Mb or more:
     libs 7.8Mb
Flavors: r-devel-linux-x86_64-fedora-clang, r-release-macos-x86_64, r-oldrel-macos-x86_64

Version: 2.0.1
Check: re-building of vignette outputs
Result: WARN
    Error(s) in re-building vignettes:
     ...
    --- re-building ‘shrinkTVP.ltx’ using tex
    Error: processing vignette 'shrinkTVP.ltx' failed with diagnostics:
    Running ‘texi2dvi’ on ‘shrinkTVP.ltx’ failed.
    LaTeX errors:
    ! Undefined control sequence.
    <recently read> \Hy@colorlink
    
    l.319 \begin{document}
    
    ! Undefined control sequence.
    \close@pdflink ->\Hy@endcolorlink
     \Hy@VerboseLinkStop \pdfendlink
    l.319 \begin{document}
    
    ! Undefined control sequence.
    <recently read> \Hy@colorlink
    
    l.319 \begin{document}
    
    ! Undefined control sequence.
    \close@pdflink ->\Hy@endcolorlink
     \Hy@VerboseLinkStop \pdfendlink
    l.319 \begin{document}
    
    ! Undefined control sequence.
    <recently read> \Hy@colorlink
    
    l.319 \begin{document}
    
    ! Undefined control sequence.
    \close@pdflink ->\Hy@endcolorlink
     \Hy@VerboseLinkStop \pdfendlink
    l.319 \begin{document}
    
    ! Undefined control sequence.
    <recently read> \Hy@colorlink
    
    l.319 \begin{document}
    
    ! Undefined control sequence.
    \close@pdflink ->\Hy@endcolorlink
     \Hy@VerboseLinkStop \pdfendlink
    l.319 \begin{document}
    
    ! Undefined control sequence.
    <recently read> \Hy@colorlink
    
    l.319 \begin{document}
    
    ! Undefined control sequence.
    \close@pdflink ->\Hy@endcolorlink
     \Hy@VerboseLinkStop \pdfendlink
    l.319 \begin{document}
    
    ! Undefined control sequence.
    <recently read> \Hy@colorlink
    
    l.319 \begin{document}
    
    ! Undefined control sequence.
    \close@pdflink ->\Hy@endcolorlink
     \Hy@VerboseLinkStop \pdfendlink
    l.319 \begin{document}
    
    --- failed re-building ‘shrinkTVP.ltx’
    
    SUMMARY: processing the following file failed:
     ‘shrinkTVP.ltx’
    
    Error: Vignette re-building failed.
    Execution halted
Flavor: r-release-linux-x86_64