Last updated on 2020-12-31 00:46:58 CET.
Flavor | Version | Tinstall | Tcheck | Ttotal | Status | Flags |
---|---|---|---|---|---|---|
r-devel-linux-x86_64-debian-clang | 0.1.0 | 2.41 | 30.55 | 32.96 | OK | |
r-devel-linux-x86_64-debian-gcc | 0.1.0 | 1.93 | 23.14 | 25.07 | OK | |
r-devel-linux-x86_64-fedora-clang | 0.1.0 | 48.77 | NOTE | |||
r-devel-linux-x86_64-fedora-gcc | 0.1.0 | 38.34 | NOTE | |||
r-devel-windows-ix86+x86_64 | 0.1.0 | 6.00 | 47.00 | 53.00 | OK | |
r-patched-linux-x86_64 | 0.1.0 | 2.46 | 29.40 | 31.86 | OK | |
r-patched-solaris-x86 | 0.1.0 | 57.10 | NOTE | |||
r-release-linux-x86_64 | 0.1.0 | 2.45 | 29.71 | 32.16 | OK | |
r-release-macos-x86_64 | 0.1.0 | NOTE | ||||
r-release-windows-ix86+x86_64 | 0.1.0 | 7.00 | 39.00 | 46.00 | OK | |
r-oldrel-macos-x86_64 | 0.1.0 | NOTE | ||||
r-oldrel-windows-ix86+x86_64 | 0.1.0 | 4.00 | 39.00 | 43.00 | OK |
Version: 0.1.0
Check: dependencies in R code
Result: NOTE
Namespaces in Imports field not imported from:
‘CARE1’ ‘LCMCR’ ‘coda’ ‘conting’ ‘dga’ ‘future’ ‘ggplot2’ ‘ipc’
‘promises’ ‘reshape’ ‘shinycssloaders’ ‘testthat’
All declared Imports should be used.
Flavors: r-devel-linux-x86_64-fedora-clang, r-devel-linux-x86_64-fedora-gcc, r-patched-solaris-x86, r-release-macos-x86_64, r-oldrel-macos-x86_64