Last updated on 2020-12-31 00:46:58 CET.
Flavor | Version | Tinstall | Tcheck | Ttotal | Status | Flags |
---|---|---|---|---|---|---|
r-devel-linux-x86_64-debian-clang | 2.0.0 | 2.12 | 23.66 | 25.78 | OK | |
r-devel-linux-x86_64-debian-gcc | 2.0.0 | 1.78 | 18.81 | 20.59 | OK | |
r-devel-linux-x86_64-fedora-clang | 2.0.0 | 39.88 | NOTE | |||
r-devel-linux-x86_64-fedora-gcc | 2.0.0 | 30.96 | NOTE | |||
r-devel-windows-ix86+x86_64 | 2.0.0 | 6.00 | 43.00 | 49.00 | OK | |
r-patched-linux-x86_64 | 2.0.0 | 2.26 | 23.28 | 25.54 | OK | |
r-patched-solaris-x86 | 2.0.0 | 47.80 | NOTE | |||
r-release-linux-x86_64 | 2.0.0 | 2.16 | 22.98 | 25.14 | OK | |
r-release-macos-x86_64 | 2.0.0 | NOTE | ||||
r-release-windows-ix86+x86_64 | 2.0.0 | 6.00 | 34.00 | 40.00 | OK | |
r-oldrel-macos-x86_64 | 2.0.0 | NOTE | ||||
r-oldrel-windows-ix86+x86_64 | 2.0.0 | 3.00 | 31.00 | 34.00 | OK |
Version: 2.0.0
Check: dependencies in R code
Result: NOTE
Namespace in Imports field not imported from: ‘stats’
All declared Imports should be used.
Flavors: r-devel-linux-x86_64-fedora-clang, r-devel-linux-x86_64-fedora-gcc, r-patched-solaris-x86, r-release-macos-x86_64, r-oldrel-macos-x86_64