Last updated on 2020-12-31 00:46:58 CET.
Flavor | Version | Tinstall | Tcheck | Ttotal | Status | Flags |
---|---|---|---|---|---|---|
r-devel-linux-x86_64-debian-clang | 0.1.0 | 6.39 | 66.63 | 73.02 | OK | |
r-devel-linux-x86_64-debian-gcc | 0.1.0 | 4.90 | 47.97 | 52.87 | OK | |
r-devel-linux-x86_64-fedora-clang | 0.1.0 | 94.75 | WARN | |||
r-devel-linux-x86_64-fedora-gcc | 0.1.0 | 85.45 | NOTE | |||
r-devel-windows-ix86+x86_64 | 0.1.0 | 15.00 | 87.00 | 102.00 | OK | |
r-patched-linux-x86_64 | 0.1.0 | 6.29 | 62.72 | 69.01 | OK | |
r-patched-solaris-x86 | 0.1.0 | 123.90 | NOTE | |||
r-release-linux-x86_64 | 0.1.0 | 6.05 | 59.85 | 65.90 | OK | |
r-release-macos-x86_64 | 0.1.0 | NOTE | ||||
r-release-windows-ix86+x86_64 | 0.1.0 | 18.00 | 87.00 | 105.00 | OK | |
r-oldrel-macos-x86_64 | 0.1.0 | NOTE | ||||
r-oldrel-windows-ix86+x86_64 | 0.1.0 | 9.00 | 67.00 | 76.00 | OK |
Version: 0.1.0
Check: package dependencies
Result: WARN
Requires orphaned package: ‘plotly’
Flavor: r-devel-linux-x86_64-fedora-clang
Version: 0.1.0
Check: dependencies in R code
Result: NOTE
Namespace in Imports field not imported from: ‘utils’
All declared Imports should be used.
Flavors: r-devel-linux-x86_64-fedora-clang, r-devel-linux-x86_64-fedora-gcc, r-patched-solaris-x86, r-release-macos-x86_64, r-oldrel-macos-x86_64