Last updated on 2020-12-31 00:46:58 CET.
Flavor | Version | Tinstall | Tcheck | Ttotal | Status | Flags |
---|---|---|---|---|---|---|
r-devel-linux-x86_64-debian-clang | 0.7 | 2.93 | 22.52 | 25.45 | NOTE | |
r-devel-linux-x86_64-debian-gcc | 0.7 | 1.97 | 18.19 | 20.16 | NOTE | |
r-devel-linux-x86_64-fedora-clang | 0.7 | 40.54 | NOTE | |||
r-devel-linux-x86_64-fedora-gcc | 0.7 | 30.62 | NOTE | |||
r-devel-windows-ix86+x86_64 | 0.7 | 5.00 | 42.00 | 47.00 | NOTE | |
r-patched-linux-x86_64 | 0.7 | 2.60 | 22.18 | 24.78 | NOTE | |
r-patched-solaris-x86 | 0.7 | 44.30 | NOTE | |||
r-release-linux-x86_64 | 0.7 | 2.65 | 22.45 | 25.10 | NOTE | |
r-release-macos-x86_64 | 0.7 | NOTE | ||||
r-release-windows-ix86+x86_64 | 0.7 | 4.00 | 29.00 | 33.00 | NOTE | |
r-oldrel-macos-x86_64 | 0.7 | NOTE | ||||
r-oldrel-windows-ix86+x86_64 | 0.7 | 10.00 | 43.00 | 53.00 | NOTE |
Version: 0.7
Check: DESCRIPTION meta-information
Result: NOTE
Malformed Description field: should contain one or more complete sentences.
Flavors: r-devel-linux-x86_64-debian-clang, r-devel-linux-x86_64-debian-gcc, r-devel-linux-x86_64-fedora-clang, r-devel-linux-x86_64-fedora-gcc, r-devel-windows-ix86+x86_64, r-patched-linux-x86_64, r-patched-solaris-x86, r-release-linux-x86_64, r-release-macos-x86_64, r-release-windows-ix86+x86_64, r-oldrel-macos-x86_64, r-oldrel-windows-ix86+x86_64
Version: 0.7
Check: dependencies in R code
Result: NOTE
'library' or 'require' call to 'foreign' which was already attached by Depends.
Please remove these calls from your code.
Flavors: r-devel-linux-x86_64-debian-clang, r-devel-linux-x86_64-debian-gcc, r-devel-linux-x86_64-fedora-clang, r-devel-linux-x86_64-fedora-gcc, r-devel-windows-ix86+x86_64, r-patched-linux-x86_64, r-patched-solaris-x86, r-release-linux-x86_64, r-release-macos-x86_64, r-release-windows-ix86+x86_64, r-oldrel-macos-x86_64, r-oldrel-windows-ix86+x86_64