CRAN Package Check Results for Package seqest

Last updated on 2020-12-31 00:46:58 CET.

Flavor Version Tinstall Tcheck Ttotal Status Flags
r-devel-linux-x86_64-debian-clang 1.0.1 131.13 61.90 193.03 OK
r-devel-linux-x86_64-debian-gcc 1.0.1 87.61 45.72 133.33 OK
r-devel-linux-x86_64-fedora-clang 1.0.1 274.74 NOTE
r-devel-linux-x86_64-fedora-gcc 1.0.1 241.31 OK
r-devel-windows-ix86+x86_64 1.0.1 306.00 126.00 432.00 OK
r-patched-linux-x86_64 1.0.1 105.15 56.74 161.89 OK
r-patched-solaris-x86 1.0.1 223.50 OK
r-release-linux-x86_64 1.0.1 103.95 57.68 161.63 OK
r-release-macos-x86_64 1.0.1 OK
r-release-windows-ix86+x86_64 1.0.1 305.00 118.00 423.00 OK
r-oldrel-macos-x86_64 1.0.1 OK
r-oldrel-windows-ix86+x86_64 1.0.1 192.00 83.00 275.00 OK

Check Details

Version: 1.0.1
Check: installed package size
Result: NOTE
     installed size is 5.5Mb
     sub-directories of 1Mb or more:
     libs 5.3Mb
Flavor: r-devel-linux-x86_64-fedora-clang