CRAN Package Check Results for Package sde

Last updated on 2020-12-31 00:46:57 CET.

Flavor Version Tinstall Tcheck Ttotal Status Flags
r-devel-linux-x86_64-debian-clang 2.0.15 11.47 97.08 108.55 OK
r-devel-linux-x86_64-debian-gcc 2.0.15 9.94 74.29 84.23 OK
r-devel-linux-x86_64-fedora-clang 2.0.15 138.97 NOTE
r-devel-linux-x86_64-fedora-gcc 2.0.15 131.75 NOTE
r-devel-windows-ix86+x86_64 2.0.15 29.00 165.00 194.00 OK
r-patched-linux-x86_64 2.0.15 8.46 91.64 100.10 OK
r-patched-solaris-x86 2.0.15 189.20 OK
r-release-linux-x86_64 2.0.15 7.88 92.28 100.16 OK
r-release-macos-x86_64 2.0.15 OK
r-release-windows-ix86+x86_64 2.0.15 28.00 125.00 153.00 OK
r-oldrel-macos-x86_64 2.0.15 OK
r-oldrel-windows-ix86+x86_64 2.0.15 16.00 113.00 129.00 OK

Check Details

Version: 2.0.15
Check: compiled code
Result: NOTE
    File ‘sde/libs/sde.so’:
     Found no call to: ‘R_useDynamicSymbols’
    
    It is good practice to register native routines and to disable symbol
    search.
    
    See ‘Writing portable packages’ in the ‘Writing R Extensions’ manual.
Flavors: r-devel-linux-x86_64-fedora-clang, r-devel-linux-x86_64-fedora-gcc