CRAN Package Check Results for Package sbmSDP

Last updated on 2020-12-31 00:46:57 CET.

Flavor Version Tinstall Tcheck Ttotal Status Flags
r-devel-linux-x86_64-debian-clang 0.2 34.86 33.01 67.87 OK
r-devel-linux-x86_64-debian-gcc 0.2 22.88 25.61 48.49 OK
r-devel-linux-x86_64-fedora-clang 0.2 96.78 NOTE
r-devel-linux-x86_64-fedora-gcc 0.2 82.93 NOTE
r-devel-windows-ix86+x86_64 0.2 79.00 80.00 159.00 OK
r-patched-linux-x86_64 0.2 28.85 32.03 60.88 OK
r-patched-solaris-x86 0.2 90.60 OK
r-release-linux-x86_64 0.2 27.39 32.46 59.85 OK
r-release-macos-x86_64 0.2 OK
r-release-windows-ix86+x86_64 0.2 77.00 64.00 141.00 OK
r-oldrel-macos-x86_64 0.2 OK
r-oldrel-windows-ix86+x86_64 0.2 48.00 59.00 107.00 OK

Check Details

Version: 0.2
Check: compiled code
Result: NOTE
    File ‘sbmSDP/libs/sbmSDP.so’:
     Found no calls to: ‘R_registerRoutines’, ‘R_useDynamicSymbols’
    
    It is good practice to register native routines and to disable symbol
    search.
    
    See ‘Writing portable packages’ in the ‘Writing R Extensions’ manual.
Flavors: r-devel-linux-x86_64-fedora-clang, r-devel-linux-x86_64-fedora-gcc