CRAN Package Check Results for Package satellite

Last updated on 2020-12-31 00:46:57 CET.

Flavor Version Tinstall Tcheck Ttotal Status Flags
r-devel-linux-x86_64-debian-clang 1.0.2 32.99 205.04 238.03 OK
r-devel-linux-x86_64-debian-gcc 1.0.2 22.61 163.17 185.78 OK
r-devel-linux-x86_64-fedora-clang 1.0.2 291.91 OK
r-devel-linux-x86_64-fedora-gcc 1.0.2 282.33 OK
r-devel-windows-ix86+x86_64 1.0.2 74.00 374.00 448.00 NOTE
r-patched-linux-x86_64 1.0.2 27.84 197.84 225.68 OK
r-patched-solaris-x86 1.0.2 373.10 OK
r-release-linux-x86_64 1.0.2 31.91 198.92 230.83 OK
r-release-macos-x86_64 1.0.2 OK
r-release-windows-ix86+x86_64 1.0.2 71.00 294.00 365.00 NOTE
r-oldrel-macos-x86_64 1.0.2 OK
r-oldrel-windows-ix86+x86_64 1.0.2 40.00 276.00 316.00 OK

Check Details

Version: 1.0.2
Check: installed package size
Result: NOTE
     installed size is 5.5Mb
     sub-directories of 1Mb or more:
     R 1.5Mb
     extdata 1.3Mb
     libs 2.0Mb
Flavors: r-devel-windows-ix86+x86_64, r-release-windows-ix86+x86_64