Last updated on 2020-12-31 00:46:57 CET.
Flavor | Version | Tinstall | Tcheck | Ttotal | Status | Flags |
---|---|---|---|---|---|---|
r-devel-linux-x86_64-debian-clang | 0.5 | 2.19 | 32.42 | 34.61 | NOTE | |
r-devel-linux-x86_64-debian-gcc | 0.5 | 1.85 | 25.75 | 27.60 | NOTE | |
r-devel-linux-x86_64-fedora-clang | 0.5 | 52.50 | NOTE | |||
r-devel-linux-x86_64-fedora-gcc | 0.5 | 42.97 | NOTE | |||
r-devel-windows-ix86+x86_64 | 0.5 | 5.00 | 48.00 | 53.00 | NOTE | |
r-patched-linux-x86_64 | 0.5 | 2.07 | 32.05 | 34.12 | NOTE | |
r-patched-solaris-x86 | 0.5 | 61.00 | NOTE | |||
r-release-linux-x86_64 | 0.5 | 2.32 | 32.14 | 34.46 | NOTE | |
r-release-macos-x86_64 | 0.5 | NOTE | ||||
r-release-windows-ix86+x86_64 | 0.5 | 4.00 | 37.00 | 41.00 | NOTE | |
r-oldrel-macos-x86_64 | 0.5 | NOTE | ||||
r-oldrel-windows-ix86+x86_64 | 0.5 | 5.00 | 58.00 | 63.00 | NOTE |
Version: 0.5
Check: R code for possible problems
Result: NOTE
download.sas7bdat.sources : <anonymous>: no visible global function
definition for 'download.file'
generate.sas7bdat.source: no visible global function definition for
'download.file'
Undefined global functions or variables:
download.file
Consider adding
importFrom("utils", "download.file")
to your NAMESPACE file.
Flavors: r-devel-linux-x86_64-debian-clang, r-devel-linux-x86_64-debian-gcc, r-devel-linux-x86_64-fedora-clang, r-devel-linux-x86_64-fedora-gcc, r-devel-windows-ix86+x86_64, r-patched-linux-x86_64, r-patched-solaris-x86, r-release-linux-x86_64, r-release-macos-x86_64, r-release-windows-ix86+x86_64, r-oldrel-macos-x86_64, r-oldrel-windows-ix86+x86_64