CRAN Package Check Results for Package rsyncrosim

Last updated on 2020-12-31 00:46:57 CET.

Flavor Version Tinstall Tcheck Ttotal Status Flags
r-devel-linux-x86_64-debian-clang 1.2.4 15.80 73.06 88.86 OK
r-devel-linux-x86_64-debian-gcc 1.2.4 11.18 54.12 65.30 OK
r-devel-linux-x86_64-fedora-clang 1.2.4 115.86 OK
r-devel-linux-x86_64-fedora-gcc 1.2.4 106.80 OK
r-devel-windows-ix86+x86_64 1.2.4 28.00 96.00 124.00 OK
r-patched-linux-x86_64 1.2.4 16.32 68.60 84.92 OK
r-patched-solaris-x86 1.2.4 131.40 WARN
r-release-linux-x86_64 1.2.4 13.28 68.47 81.75 OK
r-release-macos-x86_64 1.2.4 WARN
r-release-windows-ix86+x86_64 1.2.4 30.00 66.00 96.00 OK
r-oldrel-macos-x86_64 1.2.4 WARN
r-oldrel-windows-ix86+x86_64 1.2.4 19.00 70.00 89.00 OK

Check Details

Version: 1.2.4
Check: re-building of vignette outputs
Result: WARN
    Error(s) in re-building vignettes:
     ...
    --- re-building ‘rsyncrosim_tutorial.Rmd’ using rmarkdown
    Warning in engine$weave(file, quiet = quiet, encoding = enc) :
     Pandoc (>= 1.12.3) and/or pandoc-citeproc not available. Falling back to R Markdown v1.
    Quitting from lines 15-19 (rsyncrosim_tutorial.Rmd)
    Error: processing vignette 'rsyncrosim_tutorial.Rmd' failed with diagnostics:
    object 'params' not found
    --- failed re-building ‘rsyncrosim_tutorial.Rmd’
    
    SUMMARY: processing the following file failed:
     ‘rsyncrosim_tutorial.Rmd’
    
    Error: Vignette re-building failed.
    Execution halted
Flavors: r-patched-solaris-x86, r-release-macos-x86_64, r-oldrel-macos-x86_64