CRAN Package Check Results for Package rsvd

Last updated on 2020-12-31 00:46:57 CET.

Flavor Version Tinstall Tcheck Ttotal Status Flags
r-devel-linux-x86_64-debian-clang 1.0.3 11.80 77.27 89.07 OK
r-devel-linux-x86_64-debian-gcc 1.0.3 10.98 57.87 68.85 OK
r-devel-linux-x86_64-fedora-clang 1.0.3 116.74 NOTE
r-devel-linux-x86_64-fedora-gcc 1.0.3 107.02 OK
r-devel-windows-ix86+x86_64 1.0.3 23.00 101.00 124.00 NOTE
r-patched-linux-x86_64 1.0.3 11.96 70.95 82.91 OK
r-patched-solaris-x86 1.0.3 166.50 NOTE
r-release-linux-x86_64 1.0.3 12.52 69.87 82.39 OK
r-release-macos-x86_64 1.0.3 NOTE
r-release-windows-ix86+x86_64 1.0.3 24.00 80.00 104.00 NOTE
r-oldrel-macos-x86_64 1.0.3 NOTE
r-oldrel-windows-ix86+x86_64 1.0.3 15.00 71.00 86.00 NOTE

Check Details

Version: 1.0.3
Check: installed package size
Result: NOTE
     installed size is 6.1Mb
     sub-directories of 1Mb or more:
     data 5.9Mb
Flavors: r-devel-linux-x86_64-fedora-clang, r-devel-windows-ix86+x86_64, r-patched-solaris-x86, r-release-macos-x86_64, r-release-windows-ix86+x86_64, r-oldrel-macos-x86_64, r-oldrel-windows-ix86+x86_64