CRAN Package Check Results for Package rsparse

Last updated on 2020-12-31 00:46:57 CET.

Flavor Version Tinstall Tcheck Ttotal Status Flags
r-devel-linux-x86_64-debian-clang 0.4.0 182.85 121.04 303.89 OK
r-devel-linux-x86_64-debian-gcc 0.4.0 123.51 89.98 213.49 OK
r-devel-linux-x86_64-fedora-clang 0.4.0 408.04 NOTE
r-devel-linux-x86_64-fedora-gcc 0.4.0 373.60 OK
r-devel-windows-ix86+x86_64 0.4.0 397.00 219.00 616.00 NOTE
r-patched-linux-x86_64 0.4.0 151.88 111.26 263.14 OK
r-patched-solaris-x86 0.4.0 2147.90 ERROR
r-release-linux-x86_64 0.4.0 144.57 111.08 255.65 OK
r-release-macos-x86_64 0.4.0 NOTE
r-release-windows-ix86+x86_64 0.4.0 395.00 159.00 554.00 NOTE
r-oldrel-macos-x86_64 0.4.0 NOTE
r-oldrel-windows-ix86+x86_64 0.4.0 254.00 154.00 408.00 NOTE

Check Details

Version: 0.4.0
Check: installed package size
Result: NOTE
     installed size is 8.1Mb
     sub-directories of 1Mb or more:
     libs 7.2Mb
Flavors: r-devel-linux-x86_64-fedora-clang, r-devel-windows-ix86+x86_64, r-release-macos-x86_64, r-release-windows-ix86+x86_64, r-oldrel-macos-x86_64, r-oldrel-windows-ix86+x86_64

Version: 0.4.0
Check: tests
Result: ERROR
     Running ‘testthat.R’ [30m/31m]
    Running the tests in ‘tests/testthat.R’ failed.
    Complete output:
     > Sys.setenv("R_TESTS" = "")
     > library(testthat)
     > library(rsparse)
     > library(data.table)
     > library(Matrix)
     > options(rsparse_omp_threads = 1L)
     > logger = lgr::get_logger('rsparse')
     > logger$set_threshold('warn')
     > data("movielens100k")
     > test_check("rsparse")
Flavor: r-patched-solaris-x86