CRAN Package Check Results for Package roll

Last updated on 2020-12-31 00:46:57 CET.

Flavor Version Tinstall Tcheck Ttotal Status Flags
r-devel-linux-x86_64-debian-clang 1.1.6 57.85 29.14 86.99 NOTE
r-devel-linux-x86_64-debian-gcc 1.1.6 46.69 23.01 69.70 NOTE
r-devel-linux-x86_64-fedora-clang 1.1.6 127.82 NOTE
r-devel-linux-x86_64-fedora-gcc 1.1.6 120.60 NOTE
r-devel-windows-ix86+x86_64 1.1.6 137.00 77.00 214.00 NOTE
r-patched-linux-x86_64 1.1.6 51.40 28.60 80.00 NOTE
r-patched-solaris-x86 1.1.6 118.20 NOTE
r-release-linux-x86_64 1.1.6 49.60 28.80 78.40 NOTE
r-release-macos-x86_64 1.1.6 NOTE
r-release-windows-ix86+x86_64 1.1.6 134.00 63.00 197.00 NOTE
r-oldrel-macos-x86_64 1.1.6 NOTE
r-oldrel-windows-ix86+x86_64 1.1.6 83.00 54.00 137.00 NOTE

Check Details

Version: 1.1.6
Check: for GNU extensions in Makefiles
Result: NOTE
    GNU make is a SystemRequirements.
Flavors: r-devel-linux-x86_64-debian-clang, r-devel-linux-x86_64-debian-gcc, r-devel-linux-x86_64-fedora-clang, r-devel-linux-x86_64-fedora-gcc, r-devel-windows-ix86+x86_64, r-patched-linux-x86_64, r-patched-solaris-x86, r-release-linux-x86_64, r-release-macos-x86_64, r-release-windows-ix86+x86_64, r-oldrel-macos-x86_64, r-oldrel-windows-ix86+x86_64

Version: 1.1.6
Check: installed package size
Result: NOTE
     installed size is 5.8Mb
     sub-directories of 1Mb or more:
     libs 5.5Mb
Flavors: r-devel-linux-x86_64-fedora-clang, r-release-macos-x86_64, r-oldrel-macos-x86_64