Last updated on 2020-12-31 00:46:56 CET.
Flavor | Version | Tinstall | Tcheck | Ttotal | Status | Flags |
---|---|---|---|---|---|---|
r-devel-linux-x86_64-debian-clang | 1.2-4 | 3.33 | 43.82 | 47.15 | OK | |
r-devel-linux-x86_64-debian-gcc | 1.2-4 | 2.64 | 33.88 | 36.52 | OK | |
r-devel-linux-x86_64-fedora-clang | 1.2-4 | 66.05 | NOTE | |||
r-devel-linux-x86_64-fedora-gcc | 1.2-4 | 61.50 | OK | |||
r-devel-windows-ix86+x86_64 | 1.2-4 | 8.00 | 62.00 | 70.00 | OK | |
r-patched-linux-x86_64 | 1.2-4 | 3.97 | 41.69 | 45.66 | OK | |
r-patched-solaris-x86 | 1.2-4 | 78.60 | OK | |||
r-release-linux-x86_64 | 1.2-4 | 3.63 | 41.79 | 45.42 | OK | |
r-release-macos-x86_64 | 1.2-4 | OK | ||||
r-release-windows-ix86+x86_64 | 1.2-4 | 7.00 | 45.00 | 52.00 | OK | |
r-oldrel-macos-x86_64 | 1.2-4 | OK | ||||
r-oldrel-windows-ix86+x86_64 | 1.2-4 | 5.00 | 38.00 | 43.00 | OK |
Version: 1.2-4
Check: Rd cross-references
Result: NOTE
Undeclared package ‘pcaPP’ in Rd xrefs
Flavor: r-devel-linux-x86_64-fedora-clang