CRAN Package Check Results for Package rnaturalearthdata

Last updated on 2020-12-31 00:46:56 CET.

Flavor Version Tinstall Tcheck Ttotal Status Flags
r-devel-linux-x86_64-debian-clang 0.1.0 9.01 31.46 40.47 OK
r-devel-linux-x86_64-debian-gcc 0.1.0 8.12 24.82 32.94 OK
r-devel-linux-x86_64-fedora-clang 0.1.0 57.83 NOTE
r-devel-linux-x86_64-fedora-gcc 0.1.0 48.43 NOTE
r-devel-windows-ix86+x86_64 0.1.0 13.00 50.00 63.00 OK
r-patched-linux-x86_64 0.1.0 7.85 30.53 38.38 OK
r-patched-solaris-x86 0.1.0 78.70 NOTE
r-release-linux-x86_64 0.1.0 8.46 30.71 39.17 OK
r-release-macos-x86_64 0.1.0 NOTE
r-release-windows-ix86+x86_64 0.1.0 14.00 43.00 57.00 OK
r-oldrel-macos-x86_64 0.1.0 NOTE
r-oldrel-windows-ix86+x86_64 0.1.0 10.00 35.00 45.00 OK

Check Details

Version: 0.1.0
Check: data for non-ASCII characters
Result: NOTE
     Note: found 133 marked Latin-1 strings
Flavors: r-devel-linux-x86_64-fedora-clang, r-devel-linux-x86_64-fedora-gcc, r-patched-solaris-x86, r-release-macos-x86_64, r-oldrel-macos-x86_64