CRAN Package Check Results for Package rmumps

Last updated on 2020-12-31 00:46:56 CET.

Flavor Version Tinstall Tcheck Ttotal Status Flags
r-devel-linux-x86_64-debian-clang 5.2.1-12 245.92 61.18 307.10 NOTE
r-devel-linux-x86_64-debian-gcc 5.2.1-12 191.83 44.46 236.29 NOTE
r-devel-linux-x86_64-fedora-clang 5.2.1-12 435.71 NOTE
r-devel-linux-x86_64-fedora-gcc 5.2.1-12 415.21 WARN
r-devel-windows-ix86+x86_64 5.2.1-12 640.00 132.00 772.00 NOTE
r-patched-linux-x86_64 5.2.1-12 210.85 56.53 267.38 NOTE
r-patched-solaris-x86 5.2.1-12 357.50 NOTE
r-release-linux-x86_64 5.2.1-12 213.81 56.13 269.94 NOTE
r-release-macos-x86_64 5.2.1-12 NOTE
r-release-windows-ix86+x86_64 5.2.1-12 644.00 104.00 748.00 NOTE
r-oldrel-macos-x86_64 5.2.1-12 NOTE
r-oldrel-windows-ix86+x86_64 5.2.1-12 564.00 91.00 655.00 NOTE

Check Details

Version: 5.2.1-12
Check: for GNU extensions in Makefiles
Result: NOTE
    GNU make is a SystemRequirements.
Flavors: r-devel-linux-x86_64-debian-clang, r-devel-linux-x86_64-debian-gcc, r-devel-linux-x86_64-fedora-clang, r-devel-linux-x86_64-fedora-gcc, r-devel-windows-ix86+x86_64, r-patched-linux-x86_64, r-patched-solaris-x86, r-release-linux-x86_64, r-release-macos-x86_64, r-release-windows-ix86+x86_64, r-oldrel-macos-x86_64, r-oldrel-windows-ix86+x86_64

Version: 5.2.1-12
Check: installed package size
Result: NOTE
     installed size is 13.5Mb
     sub-directories of 1Mb or more:
     libs 13.2Mb
Flavors: r-devel-linux-x86_64-fedora-clang, r-devel-windows-ix86+x86_64, r-release-macos-x86_64, r-release-windows-ix86+x86_64, r-oldrel-macos-x86_64, r-oldrel-windows-ix86+x86_64

Version: 5.2.1-12
Check: whether package can be installed
Result: WARN
    Found the following significant warnings:
     graph_io_chac.c:106:7: warning: ignoring return value of ‘fscanf’ declared with attribute ‘warn_unused_result’ [-Wunused-result]
     graph_io_chac.c:179:9: warning: ignoring return value of ‘fscanf’ declared with attribute ‘warn_unused_result’ [-Wunused-result]
     graph_io_chac.c:208:7: warning: ignoring return value of ‘fscanf’ declared with attribute ‘warn_unused_result’ [-Wunused-result]
Flavor: r-devel-linux-x86_64-fedora-gcc