CRAN Package Check Results for Package rmsb

Last updated on 2020-12-31 00:46:56 CET.

Flavor Version Tinstall Tcheck Ttotal Status Flags
r-devel-linux-x86_64-debian-clang 0.0.1 267.57 158.77 426.34 NOTE
r-devel-linux-x86_64-debian-gcc 0.0.1 221.37 128.10 349.47 NOTE
r-devel-linux-x86_64-fedora-clang 0.0.1 575.22 NOTE
r-devel-linux-x86_64-fedora-gcc 0.0.1 598.49 NOTE
r-devel-windows-ix86+x86_64 0.0.1 590.00 302.00 892.00 NOTE
r-patched-linux-x86_64 0.0.1 197.63 157.20 354.83 NOTE
r-patched-solaris-x86 0.0.1 614.10 NOTE
r-release-linux-x86_64 0.0.1 198.93 157.48 356.41 NOTE
r-release-macos-x86_64 0.0.1 NOTE
r-release-windows-ix86+x86_64 0.0.1 488.00 7.00 495.00 ERROR
r-oldrel-macos-x86_64 0.0.1 NOTE
r-oldrel-windows-ix86+x86_64 0.0.1 406.00 195.00 601.00 NOTE

Check Details

Version: 0.0.1
Check: for GNU extensions in Makefiles
Result: NOTE
    GNU make is a SystemRequirements.
Flavors: r-devel-linux-x86_64-debian-clang, r-devel-linux-x86_64-debian-gcc, r-devel-linux-x86_64-fedora-clang, r-devel-linux-x86_64-fedora-gcc, r-devel-windows-ix86+x86_64, r-patched-linux-x86_64, r-patched-solaris-x86, r-release-linux-x86_64, r-release-macos-x86_64, r-oldrel-macos-x86_64, r-oldrel-windows-ix86+x86_64

Version: 0.0.1
Check: installed package size
Result: NOTE
     installed size is 50.1Mb
     sub-directories of 1Mb or more:
     libs 49.6Mb
Flavors: r-devel-linux-x86_64-fedora-clang, r-devel-windows-ix86+x86_64, r-release-macos-x86_64, r-oldrel-macos-x86_64, r-oldrel-windows-ix86+x86_64

Version: 0.0.1
Check: dependencies in R code
Result: NOTE
    Namespaces in Imports field not imported from:
     ‘RcppParallel’ ‘rstantools’
     All declared Imports should be used.
Flavors: r-devel-linux-x86_64-fedora-clang, r-devel-linux-x86_64-fedora-gcc, r-patched-solaris-x86, r-release-macos-x86_64, r-oldrel-macos-x86_64

Version: 0.0.1
Check: Rd cross-references
Result: NOTE
    Undeclared package ‘coda’ in Rd xrefs
Flavor: r-devel-linux-x86_64-fedora-clang

Version: 0.0.1
Check: whether package can be installed
Result: ERROR
    Installation failed.
Flavor: r-release-windows-ix86+x86_64

Version: 0.0.1
Check: R code for possible problems
Result: NOTE
    blrmStats: no visible global function definition for ‘plot’
    Undefined global functions or variables:
     plot
    Consider adding
     importFrom("graphics", "plot")
    to your NAMESPACE file.
Flavors: r-oldrel-macos-x86_64, r-oldrel-windows-ix86+x86_64