Last updated on 2020-12-31 00:46:56 CET.
Flavor | Version | Tinstall | Tcheck | Ttotal | Status | Flags |
---|---|---|---|---|---|---|
r-devel-linux-x86_64-debian-clang | 1.1.15 | 11.16 | 83.84 | 95.00 | NOTE | |
r-devel-linux-x86_64-debian-gcc | 1.1.15 | 9.58 | 63.34 | 72.92 | NOTE | |
r-devel-linux-x86_64-fedora-clang | 1.1.15 | 120.98 | NOTE | |||
r-devel-linux-x86_64-fedora-gcc | 1.1.15 | 114.19 | NOTE | |||
r-devel-windows-ix86+x86_64 | 1.1.15 | 25.00 | 109.00 | 134.00 | OK | |
r-patched-linux-x86_64 | 1.1.15 | 11.01 | 79.40 | 90.41 | NOTE | |
r-patched-solaris-x86 | 1.1.15 | 139.20 | NOTE | |||
r-release-linux-x86_64 | 1.1.15 | 11.23 | 79.17 | 90.40 | NOTE | |
r-release-macos-x86_64 | 1.1.15 | OK | ||||
r-release-windows-ix86+x86_64 | 1.1.15 | 19.00 | 85.00 | 104.00 | OK | |
r-oldrel-macos-x86_64 | 1.1.15 | OK | ||||
r-oldrel-windows-ix86+x86_64 | 1.1.15 | 12.00 | 77.00 | 89.00 | OK |
Version: 1.1.15
Check: for non-standard things in the check directory
Result: NOTE
Found the following files/directories:
'MD_display.csv' 'kola.c_COUNTRY_Cu.csv'
'kola.c_COUNTRY_Cu_fences.txt' 'ogrady.mvalloc_mvalloc.csv'
'sind.mat2open_NGR_summary.csv' 'sind.save_PC-loadings.csv'
'sind.save_PC-scores.csv' 'test.save.mvalloc_mvalloc.csv'
Flavors: r-devel-linux-x86_64-debian-clang, r-devel-linux-x86_64-debian-gcc, r-devel-linux-x86_64-fedora-clang, r-devel-linux-x86_64-fedora-gcc, r-patched-linux-x86_64, r-patched-solaris-x86, r-release-linux-x86_64