CRAN Package Check Results for Package resemble

Last updated on 2020-12-31 00:46:55 CET.

Flavor Version Tinstall Tcheck Ttotal Status Flags
r-devel-linux-x86_64-debian-clang 2.0.0 81.07 299.90 380.97 OK
r-devel-linux-x86_64-debian-gcc 2.0.0 55.89 232.42 288.31 OK
r-devel-linux-x86_64-fedora-clang 2.0.0 478.64 OK
r-devel-linux-x86_64-fedora-gcc 2.0.0 463.53 OK
r-devel-windows-ix86+x86_64 2.0.0 172.00 422.00 594.00 OK
r-patched-linux-x86_64 2.0.0 66.87 291.29 358.16 OK
r-patched-solaris-x86 2.0.0 654.90 OK
r-release-linux-x86_64 2.0.0 67.42 296.11 363.53 OK
r-release-macos-x86_64 2.0.0 NOTE
r-release-windows-ix86+x86_64 2.0.0 171.00 348.00 519.00 OK
r-oldrel-macos-x86_64 2.0.0 NOTE
r-oldrel-windows-ix86+x86_64 2.0.0 114.00 313.00 427.00 OK

Check Details

Version: 2.0.0
Check: installed package size
Result: NOTE
     installed size is 8.6Mb
     sub-directories of 1Mb or more:
     doc 1.6Mb
     libs 6.4Mb
Flavors: r-release-macos-x86_64, r-oldrel-macos-x86_64