CRAN Package Check Results for Package regnet

Last updated on 2020-12-31 00:46:55 CET.

Flavor Version Tinstall Tcheck Ttotal Status Flags
r-devel-linux-x86_64-debian-clang 0.4.0 185.13 33.30 218.43 OK
r-devel-linux-x86_64-debian-gcc 0.4.0 111.94 26.63 138.57 OK
r-devel-linux-x86_64-fedora-clang 0.4.0 316.33 NOTE
r-devel-linux-x86_64-fedora-gcc 0.4.0 269.53 OK
r-devel-windows-ix86+x86_64 0.4.0 422.00 77.00 499.00 OK
r-patched-linux-x86_64 0.4.0 134.65 32.35 167.00 OK
r-patched-solaris-x86 0.4.0 226.40 OK
r-release-linux-x86_64 0.4.0 136.30 32.41 168.71 OK
r-release-macos-x86_64 0.4.0 NOTE
r-release-windows-ix86+x86_64 0.4.0 433.00 64.00 497.00 OK
r-oldrel-macos-x86_64 0.4.0 NOTE
r-oldrel-windows-ix86+x86_64 0.4.0 274.00 58.00 332.00 OK

Check Details

Version: 0.4.0
Check: installed package size
Result: NOTE
     installed size is 6.4Mb
     sub-directories of 1Mb or more:
     data 1.6Mb
     libs 4.6Mb
Flavors: r-devel-linux-x86_64-fedora-clang, r-release-macos-x86_64, r-oldrel-macos-x86_64