CRAN Package Check Results for Package registr

Last updated on 2020-12-31 00:46:55 CET.

Flavor Version Tinstall Tcheck Ttotal Status Flags
r-devel-linux-x86_64-debian-clang 1.0.0 61.49 175.21 236.70 OK
r-devel-linux-x86_64-debian-gcc 1.0.0 39.41 128.05 167.46 OK
r-devel-linux-x86_64-fedora-clang 1.0.0 297.30 NOTE
r-devel-linux-x86_64-fedora-gcc 1.0.0 281.75 NOTE
r-devel-windows-ix86+x86_64 1.0.0 144.00 328.00 472.00 OK
r-patched-linux-x86_64 1.0.0 51.22 164.81 216.03 OK
r-patched-solaris-x86 1.0.0 363.10 NOTE
r-release-linux-x86_64 1.0.0 50.30 165.96 216.26 OK
r-release-macos-x86_64 1.0.0 NOTE
r-release-windows-ix86+x86_64 1.0.0 149.00 255.00 404.00 OK
r-oldrel-macos-x86_64 1.0.0 NOTE
r-oldrel-windows-ix86+x86_64 1.0.0 99.00 234.00 333.00 OK

Check Details

Version: 1.0.0
Check: dependencies in R code
Result: NOTE
    Namespaces in Imports field not imported from:
     ‘ggplot2’ ‘gridExtra’
     All declared Imports should be used.
Flavors: r-devel-linux-x86_64-fedora-clang, r-devel-linux-x86_64-fedora-gcc, r-patched-solaris-x86, r-release-macos-x86_64, r-oldrel-macos-x86_64