Last updated on 2020-12-31 00:46:55 CET.
Flavor | Version | Tinstall | Tcheck | Ttotal | Status | Flags |
---|---|---|---|---|---|---|
r-devel-linux-x86_64-debian-clang | 0.4.0 | 5.95 | 47.13 | 53.08 | NOTE | |
r-devel-linux-x86_64-debian-gcc | 0.4.0 | 3.52 | 36.96 | 40.48 | NOTE | |
r-devel-linux-x86_64-fedora-clang | 0.4.0 | 72.46 | NOTE | |||
r-devel-linux-x86_64-fedora-gcc | 0.4.0 | 62.81 | NOTE | |||
r-devel-windows-ix86+x86_64 | 0.4.0 | 12.00 | 83.00 | 95.00 | OK | |
r-patched-linux-x86_64 | 0.4.0 | 5.50 | 45.18 | 50.68 | NOTE | |
r-patched-solaris-x86 | 0.4.0 | 110.40 | NOTE | |||
r-release-linux-x86_64 | 0.4.0 | 5.76 | 44.58 | 50.34 | NOTE | |
r-release-macos-x86_64 | 0.4.0 | OK | ||||
r-release-windows-ix86+x86_64 | 0.4.0 | 13.00 | 64.00 | 77.00 | OK | |
r-oldrel-macos-x86_64 | 0.4.0 | OK | ||||
r-oldrel-windows-ix86+x86_64 | 0.4.0 | 6.00 | 57.00 | 63.00 | OK |
Version: 0.4.0
Check: for non-standard things in the check directory
Result: NOTE
Found the following files/directories:
'Filled.RData' 'cleaned.RData' 'days' 'gridded'
Flavors: r-devel-linux-x86_64-debian-clang, r-devel-linux-x86_64-debian-gcc, r-devel-linux-x86_64-fedora-clang, r-devel-linux-x86_64-fedora-gcc, r-patched-linux-x86_64, r-patched-solaris-x86, r-release-linux-x86_64