Last updated on 2020-12-31 00:46:55 CET.
Flavor | Version | Tinstall | Tcheck | Ttotal | Status | Flags |
---|---|---|---|---|---|---|
r-devel-linux-x86_64-debian-clang | 0.1-1 | 8.27 | 56.77 | 65.04 | OK | |
r-devel-linux-x86_64-debian-gcc | 0.1-1 | 5.29 | 45.42 | 50.71 | OK | |
r-devel-linux-x86_64-fedora-clang | 0.1-1 | 84.86 | NOTE | |||
r-devel-linux-x86_64-fedora-gcc | 0.1-1 | 78.91 | OK | |||
r-devel-windows-ix86+x86_64 | 0.1-1 | 18.00 | 78.00 | 96.00 | NOTE | |
r-patched-linux-x86_64 | 0.1-1 | 6.68 | 55.89 | 62.57 | OK | |
r-patched-solaris-x86 | 0.1-1 | 117.70 | NOTE | |||
r-release-linux-x86_64 | 0.1-1 | 5.80 | 56.28 | 62.08 | OK | |
r-release-macos-x86_64 | 0.1-1 | NOTE | ||||
r-release-windows-ix86+x86_64 | 0.1-1 | 19.00 | 59.00 | 78.00 | NOTE | |
r-oldrel-macos-x86_64 | 0.1-1 | NOTE | ||||
r-oldrel-windows-ix86+x86_64 | 0.1-1 | 12.00 | 58.00 | 70.00 | NOTE |
Version: 0.1-1
Check: installed package size
Result: NOTE
installed size is 8.9Mb
sub-directories of 1Mb or more:
data 8.8Mb
Flavors: r-devel-linux-x86_64-fedora-clang, r-devel-windows-ix86+x86_64, r-patched-solaris-x86, r-release-macos-x86_64, r-release-windows-ix86+x86_64, r-oldrel-macos-x86_64, r-oldrel-windows-ix86+x86_64