CRAN Package Check Results for Package recmap

Last updated on 2020-12-31 00:46:55 CET.

Flavor Version Tinstall Tcheck Ttotal Status Flags
r-devel-linux-x86_64-debian-clang 1.0.7 26.29 198.48 224.77 OK
r-devel-linux-x86_64-debian-gcc 1.0.7 18.43 137.18 155.61 OK
r-devel-linux-x86_64-fedora-clang 1.0.7 274.63 NOTE
r-devel-linux-x86_64-fedora-gcc 1.0.7 252.83 NOTE
r-devel-windows-ix86+x86_64 1.0.7 59.00 295.00 354.00 OK
r-patched-linux-x86_64 1.0.7 19.59 181.07 200.66 OK
r-patched-solaris-x86 1.0.7 268.90 NOTE
r-release-linux-x86_64 1.0.7 21.32 182.67 203.99 OK
r-release-macos-x86_64 1.0.7 NOTE
r-release-windows-ix86+x86_64 1.0.7 58.00 247.00 305.00 OK
r-oldrel-macos-x86_64 1.0.7 NOTE
r-oldrel-windows-ix86+x86_64 1.0.7 41.00 225.00 266.00 OK

Additional issues

M1mac

Check Details

Version: 1.0.7
Check: data for non-ASCII characters
Result: NOTE
     Note: found 1036 marked UTF-8 strings
Flavors: r-devel-linux-x86_64-fedora-clang, r-devel-linux-x86_64-fedora-gcc, r-patched-solaris-x86, r-release-macos-x86_64, r-oldrel-macos-x86_64