CRAN Package Check Results for Package rayrender

Last updated on 2020-12-31 00:46:54 CET.

Flavor Version Tinstall Tcheck Ttotal Status Flags
r-devel-linux-x86_64-debian-clang 0.14.0 64.01 46.74 110.75 OK
r-devel-linux-x86_64-debian-gcc 0.14.0 50.32 35.75 86.07 OK
r-devel-linux-x86_64-fedora-clang 0.14.0 158.29 NOTE
r-devel-linux-x86_64-fedora-gcc 0.14.0 160.23 OK
r-devel-windows-ix86+x86_64 0.14.0 136.00 107.00 243.00 OK
r-patched-linux-x86_64 0.14.0 54.61 44.51 99.12 OK
r-patched-solaris-x86 0.14.0 149.10 OK
r-release-linux-x86_64 0.14.0 59.81 44.89 104.70 OK
r-release-macos-x86_64 0.14.0 NOTE
r-release-windows-ix86+x86_64 0.14.0 142.00 84.00 226.00 OK
r-oldrel-macos-x86_64 0.14.0 NOTE
r-oldrel-windows-ix86+x86_64 0.14.0 96.00 69.00 165.00 OK

Check Details

Version: 0.14.0
Check: installed package size
Result: NOTE
     installed size is 7.0Mb
     sub-directories of 1Mb or more:
     libs 6.6Mb
Flavors: r-devel-linux-x86_64-fedora-clang, r-release-macos-x86_64, r-oldrel-macos-x86_64