Last updated on 2020-12-31 00:46:54 CET.
Flavor | Version | Tinstall | Tcheck | Ttotal | Status | Flags |
---|---|---|---|---|---|---|
r-devel-linux-x86_64-debian-clang | 1.0 | 4.06 | 33.38 | 37.44 | NOTE | |
r-devel-linux-x86_64-debian-gcc | 1.0 | 2.86 | 26.29 | 29.15 | NOTE | |
r-devel-linux-x86_64-fedora-clang | 1.0 | 54.68 | NOTE | |||
r-devel-linux-x86_64-fedora-gcc | 1.0 | 45.57 | NOTE | |||
r-devel-windows-ix86+x86_64 | 1.0 | 8.00 | 55.00 | 63.00 | NOTE | |
r-patched-linux-x86_64 | 1.0 | 4.17 | 32.05 | 36.22 | NOTE | |
r-patched-solaris-x86 | 1.0 | 66.40 | NOTE | |||
r-release-linux-x86_64 | 1.0 | 3.93 | 32.46 | 36.39 | NOTE | |
r-release-macos-x86_64 | 1.0 | NOTE | ||||
r-release-windows-ix86+x86_64 | 1.0 | 8.00 | 42.00 | 50.00 | NOTE | |
r-oldrel-macos-x86_64 | 1.0 | NOTE | ||||
r-oldrel-windows-ix86+x86_64 | 1.0 | 5.00 | 38.00 | 43.00 | NOTE |
Version: 1.0
Check: dependencies in R code
Result: NOTE
Package in Depends field not imported from: 'reshape'
These packages need to be imported from (in the NAMESPACE file)
for when this namespace is loaded but not attached.
Flavors: r-devel-linux-x86_64-debian-clang, r-devel-linux-x86_64-debian-gcc, r-devel-linux-x86_64-fedora-clang, r-devel-linux-x86_64-fedora-gcc, r-devel-windows-ix86+x86_64, r-patched-linux-x86_64, r-patched-solaris-x86, r-release-linux-x86_64, r-release-macos-x86_64, r-release-windows-ix86+x86_64, r-oldrel-macos-x86_64, r-oldrel-windows-ix86+x86_64
Version: 1.0
Check: R code for possible problems
Result: NOTE
freq: no visible global function definition for 'xtabs'
freq: no visible binding for global variable 'na.pass'
freq: no visible global function definition for 'melt'
freq: no visible global function definition for 'complete.cases'
freq: no visible global function definition for 'tail'
kurtosis: no visible global function definition for 'na.omit'
label: no visible global function definition for 'tail'
name: no visible global function definition for 'tail'
nvalid : <anonymous>: no visible global function definition for
'na.omit'
rp.desc: no visible global function definition for 'melt.data.frame'
rp.desc: no visible global function definition for 'cast'
rp.desc: no visible global function definition for 'na.omit'
rp.desc : <anonymous>: no visible global function definition for 'tail'
rp.desc : <anonymous>: no visible global function definition for 'head'
rp.freq: no visible global function definition for 'xtabs'
rp.freq: no visible binding for global variable 'na.pass'
rp.freq: no visible global function definition for 'melt'
rp.freq: no visible global function definition for 'complete.cases'
rp.freq: no visible global function definition for 'tail'
rp.label: no visible global function definition for 'tail'
rp.name: no visible global function definition for 'tail'
rp.outlier : lundcrit: no visible global function definition for 'qf'
rp.outlier: no visible global function definition for 'lm'
rp.outlier: no visible global function definition for 'rstandard'
rp.valid : <anonymous>: no visible global function definition for
'na.omit'
skewness: no visible global function definition for 'na.omit'
Undefined global functions or variables:
cast complete.cases head lm melt melt.data.frame na.omit na.pass qf
rstandard tail xtabs
Consider adding
importFrom("stats", "complete.cases", "lm", "na.omit", "na.pass", "qf",
"rstandard", "xtabs")
importFrom("utils", "head", "tail")
to your NAMESPACE file.
Flavors: r-devel-linux-x86_64-debian-clang, r-devel-linux-x86_64-debian-gcc, r-devel-linux-x86_64-fedora-clang, r-devel-linux-x86_64-fedora-gcc, r-devel-windows-ix86+x86_64, r-patched-linux-x86_64, r-patched-solaris-x86, r-release-linux-x86_64, r-release-macos-x86_64, r-release-windows-ix86+x86_64, r-oldrel-macos-x86_64, r-oldrel-windows-ix86+x86_64